{"id":8433,"date":"2017-09-30T19:59:33","date_gmt":"2017-09-30T17:59:33","guid":{"rendered":"https:\/\/www.igbce-blogs.de\/aufgeweckte-alte\/?page_id=8433"},"modified":"2017-12-19T14:31:17","modified_gmt":"2017-12-19T12:31:17","slug":"pdauster-2","status":"publish","type":"page","link":"https:\/\/www.igbce-blogs.de\/aufgeweckte-alte\/?page_id=8433","title":{"rendered":"Der BODENSEE, unsere 5-Tagesfahrt"},"content":{"rendered":"<h4><span style=\"color: #0000ff;\"><strong>Der BODENSEE, 5 Tage mit den \u201eAufgeweckten Alten\u201c<\/strong><\/span><\/h4>\n<p><strong>Am Sonntag, den 17. September 07:30 Uhr ABFAHRT am Bahnhof-H\u00f6chst <\/strong><\/p>\n<p>Wir reisen an W\u00fcrzburg vorbei und sind zur Mittagszeit in Ulm. Anschlie\u00dfend geht es weiter nach Bregenz, dort beziehen wir unser Hotel. Der 2.Tag f\u00fchrt uns zu den St\u00e4dten Meersburg und Friedrichshafen. Heute am 3.Tage geht es entlang dem Bodensee durch die Schweiz in Richtung Konstanz und zu der Insel Mainau mit Aufenthalt. Danach ein Zwischenstopp in Konstanz . Am Vormittag des 4.Tages werden wir Lindau bei einer Stadtf\u00fchrung n\u00e4her kennen lernen. Nachmittags geht es mit dem Schiff von Lindau nach Bregenz. Heimreise am 5.Tag mit dem Rheinfall in Schaffhausen.<\/p>\n<h4><span style=\"color: #0000ff;\"><strong><u>BODENSEE<\/u><\/strong><strong><u> &#8211; PROGRAMM ab dem 17. Sept. 2017<\/u><\/strong>&nbsp;<\/span><\/h4>\n<ul>\n<li style=\"list-style-type: none;\">\n<ul>\n<li><strong>Sonntag: 07:30 Uhr ABFAHRT Bhf.-H\u00f6chst<\/strong><br \/>\nWir reisen \u00fcber die Autobahn vorbei an W\u00fcrzburg und sind in Ulm zur Mittagszeit. Anschlie\u00dfend fahren wir weiter nach Bregenz, dort beziehen wir unser Hotel<\/li>\n<\/ul>\n<\/li>\n<\/ul>\n<ul>\n<li style=\"list-style-type: none;\">\n<ul>\n<li><strong>Der 2. Tag<\/strong> f\u00fchrt uns entlang am Bodensee, mit dem Besuch der St\u00e4dte Meersburg und Friedrichshafen, die dabei nat\u00fcrlich nicht fehlen d\u00fcrfen.<\/li>\n<\/ul>\n<\/li>\n<\/ul>\n<ul>\n<li style=\"list-style-type: none;\">\n<ul>\n<li><strong>Heute am 3. Tag<\/strong> geht es durch die Schweiz, entlang dem Bodensee in Richtung Konstanz zu der Insel Mainau mit Aufenthalt. Danach werden wir noch einen Zwischenstopp in Konstanz einlegen.<\/li>\n<\/ul>\n<\/li>\n<\/ul>\n<ul>\n<li style=\"list-style-type: none;\">\n<ul>\n<li><strong>Am Vormittag des 4. Tages<\/strong> besuchen wir Lindau,das wir mit einer Stadtf\u00fchrung n\u00e4her kennen lernen. Nachmittags geht es mit dem Schiff von Lindau nach Bregenz.<\/li>\n<\/ul>\n<\/li>\n<\/ul>\n<ul>\n<li style=\"list-style-type: none;\">\n<ul>\n<li><strong>Am 5. Tag<\/strong> dann Heimreise \u00fcber Schaffhausen mit dem Rheinfall.<\/li>\n<\/ul>\n<\/li>\n<\/ul>\n<h4><span style=\"color: #0000ff;\"><strong>Unsere BODENSEE-Fahrt mit den \u201eAufgeweckten Alten\u201c<br \/>\nvom 17. bis 21. September 2017 nach Bregenz\/\u00d6stereich<br \/>\n<\/strong><\/span><\/h4>\n<p><strong>17.09. Sonntag: &nbsp;&nbsp;&nbsp; <\/strong>Abfahrt Bahnhof H\u00f6chst \u00fcb. W\u00fcrzburg mit 1. Stopp in ULM zur Mittagszeit. Besichtigung des Ulmer M\u00fcnsters mit Freizeit (das Schiefe Hotel, aktuell der Stadtmarathon). Weiterfahrt Richtung Bregenz, zum Hotel Deutschmann mit Begr\u00fc\u00dfung und Abendessen.<br \/>\nngg_shortcode_0_placeholder<\/p>\n<p><strong>18.09. Montag:<\/strong> &nbsp;&nbsp;&nbsp; Wegen des sch\u00f6nen Wetters wurde wie folgt umgeplant; heute Besuch der Insel Mainau \u00fcber Konstanz (sehenswert das Schmetterlingshaus!)<br \/>\nund auf dem R\u00fcckweg die <a href=\"https:\/\/de.wikipedia.org\/wiki\/Wallfahrtskirche_Birnau\">Wallfahrtskirche Birnau <\/a>und Meersburg.<br \/>\nngg_shortcode_1_placeholderngg_shortcode_2_placeholder<\/p>\n<p><strong>19.09. Dienstag:<\/strong> &nbsp; Rundfahrt Bodensee-Schweiz mit F\u00fchrer &#8211; Abfahrt vom Hotel 8:30 Uhr. Viel Geschichte und Landschaft gesehen und erfahren,&nbsp; u. a. hinteres Rheintal, Dornbirn (Textilexistenz) gr\u00f6\u00dfte Stadt von Vorarlberg\/Austria, Lustenau Grenzort zur Schweiz (Rhein\u00fcberquerung) nach St. Gallen, Berrneck, Heerbruck, Rebstein, Abtst\u00e4tten alles Orte der Weingegend.Im Kanton Appenzell, Schlacht bei Grandson (Schlacht am Spie\u00df) bei St. Gallen in 1200 m H\u00f6he. Nebenan der S\u00e4ntis 2600 m hoch, ein sehr beeindruckender Berg. Stadt Appenzell (die F\u00fchrung hat uns sehr gut gefallen, beschaulicher und h\u00fcbscher Ort, mit vielen Hausmalereien. Die Umgebung sehr gef\u00e4llig, leicht bergig mit vielen weit verstreut liegenden Bergbauernh\u00f6fen).<\/p>\n<p><strong>Um 11:15 Uhr<\/strong> ging es weiter in der Region St. Gallen nach Oberb\u00fcren, Will und dann in die n\u00e4chste Region Thurgau mit Munchwilen,<br \/>\nMatzingen und Attikon. Zur Region Z\u00fcrich mit Winterthur, Rieth\u00f6lzli, Henggart, Adlikon, Trulikon und Ossingen. Fahrt \u00fcber Wagenhausen und Steckborn.<br \/>\nEine Mittagspause in Stein am Rhein und anschlie\u00dfender F\u00fchrung.<\/p>\n<p><strong>Weiterfahrt um 15:00 Uhr<\/strong> Richtung Konstanz, vorbei an Berlingen am Rhein, Insel Reichenau, Ermatingen, Kreuzlingen, Scherzingen, Munsterlingen, Utwil, Romanshorn, Egnach, Rohrschach, Rheineck-Tal (kleiner Flugplatz) nach Abt in Vorarberg, Rhein\u00fcberquerung nach Gaissau, H\u00f6chst, Feldkirch, Fu\u00dfach, alles in Vorarlberg am neuen Rhein. Eine wundersch\u00f6ne Tagesfahrt mit Ankunft in Bregenz um 17:30 Uhr.<br \/>\nngg_shortcode_3_placeholder<\/p>\n<p><strong>20.09. Mittwoch: <\/strong>Abfahrt um 9:15 Uhr durch Pf\u00e4nder-Tunnel nach Lindau.<br \/>\nIn Lindau Stadtf\u00fchrung von 10:00 bis 11:30 Uhr bei leichtem Nieselregen, anschlie\u00dfend Freizeit bis 14:00 Uhr zum Mittagessen. Waren im urigen R\u00d6SSLE, sehr lecker. Weiterfahrt nach Friedrichshafen bei Sonnenschein, Freizeit bis zum Treffen um 16:00 Uhr am Schiffsanleger 4.<\/p>\n<p><strong>20.09. Mittwoch: <\/strong>Eine gr\u00f6\u00dfere Gruppe besuchte mit Gerd das ZEPELIN-MUSEUM.<br \/>\n<strong>Um 16:00 Uhr<\/strong> gingen wir an Bord zur Schifffahrt nach Bregenz (2 Stunden mit Kaffee und Kuchen). Ankunft im Hotel 18:45 Uhr.<\/p>\n<p><strong>21.09. Donnerstag<\/strong> Heimfahrt bei Sonnenschein um 9:00 Uhr durch die Schweiz nach Schaffhausen-Neuhausen zum Rheinfall (Z\u00fcrcher Oberland). Von 10:45 Uhr Freizeit am Rheinfall mit Weiterfahrt um 13:00 Uhr \u00fcber G\u00e4rtringen, Ehningen, B\u00f6blingen, Sindelfingen, Stuttgart, Halt(Pause) im Rasthof Singen-Stuttgart.<br \/>\nngg_shortcode_4_placeholder<\/p>\n<p><strong>Weiterfahrt 15:15 Uhr:<\/strong> Baustelle \u2013 Stau \u2013 Mannheim, Karlsruhe, Rutesheim, Pforzheim nach Frankfurt 168 km, Dreieck Karlsruhe, Kraichgau (Weinland), Kronau, Mannheim wechseln wegen Stau auf Bundessstra\u00dfe nach Bruchsal.<br \/>\n<em>Pause 17:00-17:15 Uhr<\/em> weil immer noch Stau auf Autobahn (mit Apfel und Brezel versorgt) Grund war ein Unfall mit LKW auf A 5 (Basel-FFM).<br \/>\nNach Wechsel von der A5 auf die B3 nach Bad Sch\u00f6nborn, Richtung Bruchsal wieder auf A3. Stauaufl\u00f6sung um 19:00 Uhr endlich !!!!<br \/>\nWeiter \u00fcber Schwetzingen\/Heidelberg wieder auf der A5 um 19:15 Uhr nach Schriesheim, Dossenheim, Hirschberg, Hemsbach, Kreuz Weinheim, Darmstadt durch Odenwald, an der Bergstra\u00dfe immer noch 16 Grad&nbsp; warm, weiter nach Frankfurt-H\u00f6chst. Ankunft am Bahnhof H\u00f6chst um 21:00 Uhr. Gl\u00fccklich, froh, munter und wohlauf (aber m\u00fcde).<\/p>\n<p><em>Regina Lindenstruth<\/em><\/p>\n<p><strong><span style=\"color: #0000ff;\">***************************************<\/span><\/strong><\/p>\n<p><strong><span style=\"color: #0000ff;\">Wir freuen uns auf Euch <em>alle die<br \/>\nAKTIVEN \u201eAufgeweckten Alten\u201c!<\/em><\/span><\/strong><\/p>\n<p><strong><span style=\"color: #0000ff;\">***************************************<\/span><\/strong><\/p>\n<h3><span style=\"color: #000000;\">Zur <\/span><a title=\"NEUES mit Tagesfahrten &amp; Bodensee!\" href=\"https:\/\/www.igbce-blogs.de\/aufgeweckte-alte\/?page_id=7409\" target=\"_blank\" rel=\"noopener\">\u00dcbersicht 2017<\/a><\/h3>\n<h3 style=\"text-align: left;\"><span style=\"color: #000000;\"><span style=\"color: #000000;\">Zur<\/span> <\/span><a href=\"https:\/\/www.igbce-blogs.de\/aufgeweckte-alte\/\" target=\"_blank\" rel=\"noopener\">Startseite<\/a><\/h3>\n<p style=\"text-align: center; padding-left: 30px;\">&nbsp;<\/p>\nRelated Images:","protected":false},"excerpt":{"rendered":"<p>Der BODENSEE, 5 Tage mit den \u201eAufgeweckten Alten\u201c Am Sonntag, den 17. September 07:30 Uhr ABFAHRT am Bahnhof-H\u00f6chst Wir reisen an W\u00fcrzburg vorbei und sind zur Mittagszeit in Ulm. Anschlie\u00dfend geht es weiter nach Bregenz, dort beziehen wir unser Hotel. Der 2.Tag f\u00fchrt uns zu den St\u00e4dten Meersburg und Friedrichshafen. Heute am 3.Tage geht es [&hellip;]<\/p>\n","protected":false},"author":3,"featured_media":0,"parent":7409,"menu_order":6,"comment_status":"closed","ping_status":"closed","template":"tagcloud.php","meta":{"ngg_post_thumbnail":0,"footnotes":""},"class_list":["post-8433","page","type-page","status-publish","hentry"],"_links":{"self":[{"href":"https:\/\/www.igbce-blogs.de\/aufgeweckte-alte\/index.php?rest_route=\/wp\/v2\/pages\/8433","targetHints":{"allow":["GET"]}}],"collection":[{"href":"https:\/\/www.igbce-blogs.de\/aufgeweckte-alte\/index.php?rest_route=\/wp\/v2\/pages"}],"about":[{"href":"https:\/\/www.igbce-blogs.de\/aufgeweckte-alte\/index.php?rest_route=\/wp\/v2\/types\/page"}],"author":[{"embeddable":true,"href":"https:\/\/www.igbce-blogs.de\/aufgeweckte-alte\/index.php?rest_route=\/wp\/v2\/users\/3"}],"replies":[{"embeddable":true,"href":"https:\/\/www.igbce-blogs.de\/aufgeweckte-alte\/index.php?rest_route=%2Fwp%2Fv2%2Fcomments&post=8433"}],"version-history":[{"count":36,"href":"https:\/\/www.igbce-blogs.de\/aufgeweckte-alte\/index.php?rest_route=\/wp\/v2\/pages\/8433\/revisions"}],"predecessor-version":[{"id":8441,"href":"https:\/\/www.igbce-blogs.de\/aufgeweckte-alte\/index.php?rest_route=\/wp\/v2\/pages\/8433\/revisions\/8441"}],"up":[{"embeddable":true,"href":"https:\/\/www.igbce-blogs.de\/aufgeweckte-alte\/index.php?rest_route=\/wp\/v2\/pages\/7409"}],"wp:attachment":[{"href":"https:\/\/www.igbce-blogs.de\/aufgeweckte-alte\/index.php?rest_route=%2Fwp%2Fv2%2Fmedia&parent=8433"}],"curies":[{"name":"wp","href":"https:\/\/api.w.org\/{rel}","templated":true}]}}

<h4><span style="color: #0000ff;"><strong>Der BODENSEE, 5 Tage mit den „Aufgeweckten Alten“</strong></span></h4>
<p><strong>Am Sonntag, den 17. September 07:30 Uhr ABFAHRT am Bahnhof-Höchst </strong></p>
<p>Wir reisen an Würzburg vorbei und sind zur Mittagszeit in Ulm. Anschließend geht es weiter nach Bregenz, dort beziehen wir unser Hotel. Der 2.Tag führt uns zu den Städten Meersburg und Friedrichshafen. Heute am 3.Tage geht es entlang dem Bodensee durch die Schweiz in Richtung Konstanz und zu der Insel Mainau mit Aufenthalt. Danach ein Zwischenstopp in Konstanz . Am Vormittag des 4.Tages werden wir Lindau bei einer Stadtführung näher kennen lernen. Nachmittags geht es mit dem Schiff von Lindau nach Bregenz. Heimreise am 5.Tag mit dem Rheinfall in Schaffhausen.</p>
<h4><span style="color: #0000ff;"><strong><u>BODENSEE</u></strong><strong><u> &#8211; PROGRAMM ab dem 17. Sept. 2017</u></strong>&nbsp;</span></h4>
<ul>
<li style="list-style-type: none;">
<ul>
<li><strong>Sonntag: 07:30 Uhr ABFAHRT Bhf.-Höchst</strong><br />
Wir reisen über die Autobahn vorbei an Würzburg und sind in Ulm zur Mittagszeit. Anschließend fahren wir weiter nach Bregenz, dort beziehen wir unser Hotel</li>
</ul>
</li>
</ul>
<ul>
<li style="list-style-type: none;">
<ul>
<li><strong>Der 2. Tag</strong> führt uns entlang am Bodensee, mit dem Besuch der Städte Meersburg und Friedrichshafen, die dabei natürlich nicht fehlen dürfen.</li>
</ul>
</li>
</ul>
<ul>
<li style="list-style-type: none;">
<ul>
<li><strong>Heute am 3. Tag</strong> geht es durch die Schweiz, entlang dem Bodensee in Richtung Konstanz zu der Insel Mainau mit Aufenthalt. Danach werden wir noch einen Zwischenstopp in Konstanz einlegen.</li>
</ul>
</li>
</ul>
<ul>
<li style="list-style-type: none;">
<ul>
<li><strong>Am Vormittag des 4. Tages</strong> besuchen wir Lindau,das wir mit einer Stadtführung näher kennen lernen. Nachmittags geht es mit dem Schiff von Lindau nach Bregenz.</li>
</ul>
</li>
</ul>
<ul>
<li style="list-style-type: none;">
<ul>
<li><strong>Am 5. Tag</strong> dann Heimreise über Schaffhausen mit dem Rheinfall.</li>
</ul>
</li>
</ul>
<h4><span style="color: #0000ff;"><strong>Unsere BODENSEE-Fahrt mit den „Aufgeweckten Alten“<br />
vom 17. bis 21. September 2017 nach Bregenz/Östereich<br />
</strong></span></h4>
<p><strong>17.09. Sonntag: &nbsp;&nbsp;&nbsp; </strong>Abfahrt Bahnhof Höchst üb. Würzburg mit 1. Stopp in ULM zur Mittagszeit. Besichtigung des Ulmer Münsters mit Freizeit (das Schiefe Hotel, aktuell der Stadtmarathon). Weiterfahrt Richtung Bregenz, zum Hotel Deutschmann mit Begrüßung und Abendessen.<br />
ngg_shortcode_0_placeholder</p>
<p><strong>18.09. Montag:</strong> &nbsp;&nbsp;&nbsp; Wegen des schönen Wetters wurde wie folgt umgeplant; heute Besuch der Insel Mainau über Konstanz (sehenswert das Schmetterlingshaus!)<br />
und auf dem Rückweg die <a href="https://de.wikipedia.org/wiki/Wallfahrtskirche_Birnau">Wallfahrtskirche Birnau </a>und Meersburg.<br />
ngg_shortcode_1_placeholderngg_shortcode_2_placeholder</p>
<p><strong>19.09. Dienstag:</strong> &nbsp; Rundfahrt Bodensee-Schweiz mit Führer &#8211; Abfahrt vom Hotel 8:30 Uhr. Viel Geschichte und Landschaft gesehen und erfahren,&nbsp; u. a. hinteres Rheintal, Dornbirn (Textilexistenz) größte Stadt von Vorarlberg/Austria, Lustenau Grenzort zur Schweiz (Rheinüberquerung) nach St. Gallen, Berrneck, Heerbruck, Rebstein, Abtstätten alles Orte der Weingegend.Im Kanton Appenzell, Schlacht bei Grandson (Schlacht am Spieß) bei St. Gallen in 1200 m Höhe. Nebenan der Säntis 2600 m hoch, ein sehr beeindruckender Berg. Stadt Appenzell (die Führung hat uns sehr gut gefallen, beschaulicher und hübscher Ort, mit vielen Hausmalereien. Die Umgebung sehr gefällig, leicht bergig mit vielen weit verstreut liegenden Bergbauernhöfen).</p>
<p><strong>Um 11:15 Uhr</strong> ging es weiter in der Region St. Gallen nach Oberbüren, Will und dann in die nächste Region Thurgau mit Munchwilen,<br />
Matzingen und Attikon. Zur Region Zürich mit Winterthur, Riethölzli, Henggart, Adlikon, Trulikon und Ossingen. Fahrt über Wagenhausen und Steckborn.<br />
Eine Mittagspause in Stein am Rhein und anschließender Führung.</p>
<p><strong>Weiterfahrt um 15:00 Uhr</strong> Richtung Konstanz, vorbei an Berlingen am Rhein, Insel Reichenau, Ermatingen, Kreuzlingen, Scherzingen, Munsterlingen, Utwil, Romanshorn, Egnach, Rohrschach, Rheineck-Tal (kleiner Flugplatz) nach Abt in Vorarberg, Rheinüberquerung nach Gaissau, Höchst, Feldkirch, Fußach, alles in Vorarlberg am neuen Rhein. Eine wunderschöne Tagesfahrt mit Ankunft in Bregenz um 17:30 Uhr.<br />
ngg_shortcode_3_placeholder</p>
<p><strong>20.09. Mittwoch: </strong>Abfahrt um 9:15 Uhr durch Pfänder-Tunnel nach Lindau.<br />
In Lindau Stadtführung von 10:00 bis 11:30 Uhr bei leichtem Nieselregen, anschließend Freizeit bis 14:00 Uhr zum Mittagessen. Waren im urigen RÖSSLE, sehr lecker. Weiterfahrt nach Friedrichshafen bei Sonnenschein, Freizeit bis zum Treffen um 16:00 Uhr am Schiffsanleger 4.</p>
<p><strong>20.09. Mittwoch: </strong>Eine größere Gruppe besuchte mit Gerd das ZEPELIN-MUSEUM.<br />
<strong>Um 16:00 Uhr</strong> gingen wir an Bord zur Schifffahrt nach Bregenz (2 Stunden mit Kaffee und Kuchen). Ankunft im Hotel 18:45 Uhr.</p>
<p><strong>21.09. Donnerstag</strong> Heimfahrt bei Sonnenschein um 9:00 Uhr durch die Schweiz nach Schaffhausen-Neuhausen zum Rheinfall (Zürcher Oberland). Von 10:45 Uhr Freizeit am Rheinfall mit Weiterfahrt um 13:00 Uhr über Gärtringen, Ehningen, Böblingen, Sindelfingen, Stuttgart, Halt(Pause) im Rasthof Singen-Stuttgart.<br />
ngg_shortcode_4_placeholder</p>
<p><strong>Weiterfahrt 15:15 Uhr:</strong> Baustelle – Stau – Mannheim, Karlsruhe, Rutesheim, Pforzheim nach Frankfurt 168 km, Dreieck Karlsruhe, Kraichgau (Weinland), Kronau, Mannheim wechseln wegen Stau auf Bundessstraße nach Bruchsal.<br />
<em>Pause 17:00-17:15 Uhr</em> weil immer noch Stau auf Autobahn (mit Apfel und Brezel versorgt) Grund war ein Unfall mit LKW auf A 5 (Basel-FFM).<br />
Nach Wechsel von der A5 auf die B3 nach Bad Schönborn, Richtung Bruchsal wieder auf A3. Stauauflösung um 19:00 Uhr endlich !!!!<br />
Weiter über Schwetzingen/Heidelberg wieder auf der A5 um 19:15 Uhr nach Schriesheim, Dossenheim, Hirschberg, Hemsbach, Kreuz Weinheim, Darmstadt durch Odenwald, an der Bergstraße immer noch 16 Grad&nbsp; warm, weiter nach Frankfurt-Höchst. Ankunft am Bahnhof Höchst um 21:00 Uhr. Glücklich, froh, munter und wohlauf (aber müde).</p>
<p><em>Regina Lindenstruth</em></p>
<p><strong><span style="color: #0000ff;">***************************************</span></strong></p>
<p><strong><span style="color: #0000ff;">Wir freuen uns auf Euch <em>alle die<br />
AKTIVEN „Aufgeweckten Alten“!</em></span></strong></p>
<p><strong><span style="color: #0000ff;">***************************************</span></strong></p>
<h3><span style="color: #000000;">Zur </span><a title="NEUES mit Tagesfahrten &amp; Bodensee!" href="https://www.igbce-blogs.de/aufgeweckte-alte/?page_id=7409" target="_blank" rel="noopener">Übersicht 2017</a></h3>
<h3 style="text-align: left;"><span style="color: #000000;"><span style="color: #000000;">Zur</span> </span><a href="https://www.igbce-blogs.de/aufgeweckte-alte/" target="_blank" rel="noopener">Startseite</a></h3>
<p style="text-align: center; padding-left: 30px;">&nbsp;</p>
Related Images:

<p>Der BODENSEE, 5 Tage mit den „Aufgeweckten Alten“ Am Sonntag, den 17. September 07:30 Uhr ABFAHRT am Bahnhof-Höchst Wir reisen an Würzburg vorbei und sind zur Mittagszeit in Ulm. Anschließend geht es weiter nach Bregenz, dort beziehen wir unser Hotel. Der 2.Tag führt uns zu den Städten Meersburg und Friedrichshafen. Heute am 3.Tage geht es [&hellip;]</p>
