{"id":8402,"date":"2017-12-08T19:19:29","date_gmt":"2017-12-08T17:19:29","guid":{"rendered":"https:\/\/www.igbce-blogs.de\/aufgeweckte-alte\/?page_id=8402"},"modified":"2023-03-08T18:46:19","modified_gmt":"2023-03-08T16:46:19","slug":"pdauster-2","status":"publish","type":"page","link":"https:\/\/www.igbce-blogs.de\/aufgeweckte-alte\/?page_id=8402","title":{"rendered":"2018 \u2013 PROGRAMM mit viel \u00dcberraschung!"},"content":{"rendered":"<h2 style=\"text-align: left;\"><span style=\"color: #bb0000;\"><span style=\"color: #0000ff;\"><span style=\"color: #0000ff;\"> ****************************************************<span style=\"color: #bb0000;\"><br \/>\n<span style=\"text-decoration: underline; color: #0000ff;\">Der Ausblick auf unser Jahresprogramm 2018<\/span><\/span><\/span><\/span><\/span><\/h2>\n<h4><span style=\"color: #000080;\">SONDERVERANSTALTUNG<strong> &#8211; <\/strong>Tagesfahrten und mehr!<\/span><\/h4>\n<h2><span style=\"color: #0000ff;\">****************************************************<\/span><\/h2>\n<h3>ngg_shortcode_0_placeholder<\/h3>\n<h2><span style=\"color: #000000;\"><em><strong>Unsere Einladung zum Programm 2018<\/strong><\/em><\/span><\/h2>\n<h6><span style=\"color: #000000;\">Lachende Gesichter, zufriedene Mienen und Lob aus dem zu Ende gehenden Jahr,<br \/>\ngeben uns den Mut, Euch das neue<\/span> <span style=\"color: #0000ff;\">Programm f\u00fcr das Jahrt 2018<\/span><span style=\"color: #000000;\"> vorzustellen.<br \/>\n<\/span><span style=\"color: #000000;\">Hier unsere ausgew\u00e4hlten und hoffentlich f\u00fcr Sie interessanten Angebote!<br \/>\n<\/span><span style=\"color: #000000;\"><br \/>\n<\/span><span style=\"color: #000000;\">Unsere beliebten Treffen zum Kreppel- und Adventskaffee; Museumsbesuche;<br \/>\nbesondere Orte; Tagesfahrten und auch wieder eine Mehrtagesreise!<br \/>\n<\/span><span style=\"color: #000000;\">Wir freuen uns auf Euch und eine rege Teilnahme!<\/span><\/h6>\n<h3><strong><em><span style=\"color: #000000;\">Herzliche Gr\u00fc\u00dfe<\/span><br \/>\n<span style=\"color: #000000;\"> die \u201eAufgeweckten Alten\u201c<\/span><br \/>\n<\/em><\/strong><span style=\"color: #0000ff;\"><u><br \/>\n<\/u><strong><em>Mit der Themenauswahl f\u00fcr die unten genannten Monate!<\/em><\/strong><\/span><\/h3>\n<ul>\n<li style=\"list-style-type: none;\">\n<ul>\n<li>\n<h5><span style=\"color: #000000;\"><strong><span style=\"color: #0000ff;\">Januar [ 1 ]<\/span><\/strong><span style=\"color: #000000;\"> am 24. Jan. 1. Gruppe ab 10:30 Uhr <\/span><br \/>\n<a href=\"https:\/\/www.historisches-museum-frankfurt.de\/\">Historisches Museum:<\/a> <a href=\"https:\/\/www.historisches-museum-frankfurt.de\/frankfurteinst\">Frankfurt einst und jetzt<\/a><br \/>\nmit anschlie\u00dfendem TREFFEN im Museums-Cafe<\/span><span style=\"color: #000000;\">!<br \/>\n<\/span><strong><span style=\"color: #0000ff;\">LINK zur WEBSEITE: <\/span><\/strong><a href=\"https:\/\/www.igbce-blogs.de\/aufgeweckte-alte\/?page_id=10113\"><span style=\"color: #ff0000;\"><strong>Hier klicken!!!<\/strong><\/span><\/a><\/h5>\n<\/li>\n<\/ul>\n<\/li>\n<\/ul>\n<h5>&nbsp;<\/h5>\n<ul>\n<li style=\"list-style-type: none;\">\n<ul>\n<li>\n<h5><span style=\"color: #000000;\"><strong><span style=\"color: #0000ff;\">Februar [ 2 ]<\/span>&nbsp;&nbsp;&nbsp;&nbsp;&nbsp;&nbsp;&nbsp;<br \/>\n<\/strong>Kreppelkaffee am 21. Februar <em><span style=\"color: #ff0000;\"><a href=\"https:\/\/www.igbce-blogs.de\/aufgeweckte-alte\/wp-content\/gallery\/adventskaffee-2017-in-hoechst\/X005.jpg?i=587266250\"><span style=\"text-decoration: underline;\"><span style=\"color: #d20000; text-decoration: underline;\">NEU ab 14:30 Uhr<\/span><\/span><\/a><br \/>\n<\/span><\/em>LINK:&nbsp;<a href=\"http:\/\/www.st-josef-hoechst.de\/wegbeschreibung_einrichtungen.html?&amp;L=\">Der VERANSTALTUNGSORT Ffm-H\u00f6chst<\/a><br \/>\n<\/span><span style=\"color: #0000ff;\"><strong>LINK zur WEBSEITE: <\/strong><\/span><a href=\"https:\/\/www.igbce-blogs.de\/aufgeweckte-alte\/?page_id=10118\"><span style=\"color: #ff0000;\"><strong>Hier klicken!!!<\/strong><\/span><\/a><\/h5>\n<\/li>\n<\/ul>\n<\/li>\n<\/ul>\n<h5>&nbsp;<\/h5>\n<ul>\n<li style=\"list-style-type: none;\">\n<ul>\n<li>\n<h5><span style=\"color: #000000;\"><strong><span style=\"color: #0000ff;\">M\u00e4rz [ 3 ]<\/span>&nbsp; &nbsp;&nbsp;&nbsp;&nbsp;&nbsp;&nbsp;&nbsp;&nbsp;&nbsp;&nbsp;&nbsp;<br \/>\n<\/strong><a href=\"https:\/\/de.wikipedia.org\/wiki\/Technisches_Verwaltungsgeb%C3%A4ude_der_Hoechst_AG\">Werksrundfahrt Industriepark H\u00f6chst &amp; <span style=\"color: #0000ff;\">Behrensbau<\/span><\/a><\/span><br \/>\n<span style=\"color: #000000;\">am 21. M\u00e4rz ab 14:00 Uhr Einfahrt ins Werk!<br \/>\n<\/span><span style=\"color: #0000ff;\"><strong>LINK zur WEBSEITE: <\/strong><\/span><a href=\"https:\/\/www.igbce-blogs.de\/aufgeweckte-alte\/?page_id=10121\"><span style=\"color: #ff0000;\"><strong>Hier klicken!!!<\/strong><\/span><\/a><\/h5>\n<\/li>\n<\/ul>\n<\/li>\n<\/ul>\n<h5>&nbsp;<\/h5>\n<ul>\n<li style=\"list-style-type: none;\">\n<ul>\n<li>\n<h5><span style=\"color: #000000;\"><strong><span style=\"color: #0000ff;\">April [ 4 ]<\/span>&nbsp;&nbsp; &nbsp;&nbsp;&nbsp;&nbsp;&nbsp;&nbsp;&nbsp;&nbsp;&nbsp;&nbsp;<br \/>\n<\/strong>\u201e<a href=\"http:\/\/www.heislitz.de\/home.html\">Gl\u00e4serner B\u00e4cker<\/a>\u201c Backhaus Heislitz (Kriftel)<br \/>\nImpressionen aus der Welt des Backens!<br \/>\n<\/span><span style=\"color: #0000ff;\"><strong>LINK zur WEBSEITE: <\/strong><\/span><a href=\"https:\/\/www.igbce-blogs.de\/aufgeweckte-alte\/?page_id=10123\"><span style=\"color: #ff0000;\"><strong>Hier klicken!!!<\/strong><\/span><\/a><\/h5>\n<\/li>\n<\/ul>\n<\/li>\n<\/ul>\n<h5>&nbsp;<\/h5>\n<ul>\n<li style=\"list-style-type: none;\">\n<ul>\n<li>\n<h5><span style=\"color: #000000;\"><strong><span style=\"color: #0000ff;\">Mai [ 5 ]<\/span>&nbsp;&nbsp;&nbsp;&nbsp; &nbsp;&nbsp;&nbsp;&nbsp;&nbsp;&nbsp;&nbsp;&nbsp;&nbsp;&nbsp;&nbsp;<br \/>\n<\/strong><a href=\"https:\/\/de.wikipedia.org\/wiki\/Auto-_und_Technikmuseum_Sinsheim\">Das Technikmuseum in Sinsheim<\/a> (Tagesfahrt)<br \/>\n<\/span><span style=\"color: #0000ff;\"><strong>LINK zur WEBSEITE: <\/strong><\/span><a href=\"https:\/\/www.igbce-blogs.de\/aufgeweckte-alte\/?page_id=10128\"><strong><span style=\"color: #ff0000;\">Hier klicken!!!<\/span><\/strong><\/a><\/h5>\n<\/li>\n<\/ul>\n<\/li>\n<\/ul>\n<h5>&nbsp;<\/h5>\n<ul>\n<li style=\"list-style-type: none;\">\n<ul>\n<li>\n<h5><span style=\"color: #000000;\"><strong><span style=\"color: #0000ff;\">Juni [ 6 ] <\/span><\/strong>(Tagesfahrt)<\/span><br \/>\n<span style=\"color: #000000;\"><a href=\"https:\/\/www.worms.de\/de\/kultur\/stadtgeschichte\/wussten-sie-es\/liste\/2014_03_Dom.php\">Nibelungen- &amp; Lutherstadt Worms mit Dom<\/a><br \/>\n<\/span><span style=\"color: #0000ff;\"><strong>LINK zur WEBSEITE: <\/strong><\/span><a href=\"https:\/\/www.igbce-blogs.de\/aufgeweckte-alte\/?page_id=10133\"><span style=\"color: #ff0000;\"><strong>Hier klicken!!!<\/strong><\/span><\/a><\/h5>\n<\/li>\n<\/ul>\n<\/li>\n<\/ul>\n<h5>&nbsp;<\/h5>\n<ul>\n<li style=\"list-style-type: none;\">\n<ul>\n<li>\n<h5><strong><span style=\"color: #000000;\"><span style=\"color: #0000ff;\">September[ 7 ]<\/span><br \/>\n<\/span><\/strong><span style=\"color: #000000;\">Mehrtagesfahrt ( 4 \u00dcN )<\/span><a href=\"https:\/\/www.goslar.de\/\">Goslar<\/a>,<a href=\"https:\/\/www.schwarzaufweiss.de\/deutschland\/quedlinburg1.htm\"><br \/>\nQuedlinburg<\/a>, <a href=\"https:\/\/www.google.de\/destination?q=Wernigerode&amp;site=search&amp;output=search&amp;dest_mid=\/m\/0855q&amp;sa=X&amp;ved=0ahUKEwi2utnzzIzYAhWCIcAKHc78D2sQ6tEBCEgoBDAC\">Wernigerode<\/a><span style=\"color: #000000;\"> und der <a href=\"https:\/\/de.wikipedia.org\/wiki\/Brocken\">BROCKEN<\/a><\/span><span style=\"color: #000000;\">.<\/span><strong><span style=\"color: #000000;\"><br \/>\n<\/span><span style=\"color: #0000ff;\">LINK zur WEBSEITE: <\/span><\/strong><a href=\"https:\/\/www.igbce-blogs.de\/aufgeweckte-alte\/?page_id=11468\"><span style=\"color: #ff0000;\"><strong>Hier klicken!!!<\/strong><\/span><\/a><\/h5>\n<\/li>\n<\/ul>\n<\/li>\n<\/ul>\n<h5>&nbsp;<\/h5>\n<ul>\n<li style=\"list-style-type: none;\">\n<ul>\n<li>\n<h5><strong><span style=\"color: #0000ff;\">Oktober [ 8 ]<\/span><br \/>\n<\/strong><span style=\"color: #0000ff;\"><a href=\"http:\/\/www.weingut-preis.de\/index.php\/planwagen\">Planwagenfahrt in Hochheim<\/a><\/span><br \/>\n<span style=\"color: #000000;\">Durch das Weingut Thomas Preis<\/span><strong><span style=\"color: #000000;\"><br \/>\n<\/span><span style=\"color: #0000ff;\">LINK zur WEBSEITE:<\/span><\/strong> <a href=\"https:\/\/www.igbce-blogs.de\/aufgeweckte-alte\/?page_id=12532\"><span style=\"color: #ff0000;\"><strong>Hier klicken!!!<\/strong><\/span><\/a><\/h5>\n<\/li>\n<\/ul>\n<\/li>\n<\/ul>\n<h5>&nbsp;<\/h5>\n<ul>\n<li style=\"list-style-type: none;\">\n<ul>\n<li>\n<h5><strong><span style=\"color: #0000ff;\">November [ 9 ] <\/span><\/strong><span style=\"color: #ff0000;\"><strong>am 21. Nov. ab 14:30 Uhr<br \/>\n<\/strong><\/span><span style=\"color: #000000;\">LINK zum Veranstaltungsort: <\/span><a href=\"https:\/\/www.igbce-blogs.de\/aufgeweckte-alte\/wp-content\/uploads\/\/2011\/02\/schleifergasse-2-65929-frankfurt-hochst-google-maps.pdf\">Hier klicken!!!<\/a><br \/>\n<span style=\"color: #000000;\">Unser beliebter Adventskaffee! Vorstellung<br \/>\nunseres JAHRESPROGRAMMs f\u00fcr 2019!<strong><br \/>\n<\/strong><\/span><span style=\"color: #0000ff;\"><strong>LINK zu den Bildern: <\/strong><\/span><a href=\"https:\/\/www.igbce-blogs.de\/aufgeweckte-alte\/?page_id=12576\"><strong>Hier klicken!!!&nbsp;<\/strong><\/a><\/h5>\n<\/li>\n<\/ul>\n<\/li>\n<\/ul>\n<p>&nbsp;<\/p>\n<h3 style=\"text-align: left;\"><span style=\"color: #0000ff;\"><em>****************************************<\/em><\/span><\/h3>\n<h3 style=\"text-align: left;\"><span style=\"color: #0000ff;\"><em>Wir freuen uns auf Euch alle, die<br \/>\nAKTIVEN \u201eAufgeweckten Alten\u201c!<\/em><\/span><\/h3>\n<h3 style=\"text-align: left;\"><span style=\"color: #0000ff;\"><em>****************************************<\/em><\/span><\/h3>\n<h3><strong><span style=\"color: #000000;\">Zur <\/span><a title=\"NEUES mit Tagesfahrten &amp; Bodensee!\" href=\"https:\/\/www.igbce-blogs.de\/aufgeweckte-alte\/?page_id=7409\" target=\"_blank\" rel=\"noopener\">\u00dcbersicht 2017<\/a><\/strong><\/h3>\n<h3 style=\"text-align: left;\"><span style=\"color: #000000;\"><span style=\"color: #000000;\">Zur<\/span> <\/span><a href=\"https:\/\/www.igbce-blogs.de\/aufgeweckte-alte\/\" target=\"_blank\" rel=\"noopener\">Startseite<\/a><\/h3>\n<p style=\"text-align: center; padding-left: 30px;\">&nbsp;<\/p>\nRelated Images:","protected":false},"excerpt":{"rendered":"<p>**************************************************** Der Ausblick auf unser Jahresprogramm 2018 SONDERVERANSTALTUNG &#8211; Tagesfahrten und mehr! **************************************************** Unsere Einladung zum Programm 2018 Lachende Gesichter, zufriedene Mienen und Lob aus dem zu Ende gehenden Jahr, geben uns den Mut, Euch das neue Programm f\u00fcr das Jahrt 2018 vorzustellen. Hier unsere ausgew\u00e4hlten und hoffentlich f\u00fcr Sie interessanten Angebote! Unsere beliebten Treffen [&hellip;]<\/p>\n","protected":false},"author":3,"featured_media":0,"parent":0,"menu_order":9986,"comment_status":"open","ping_status":"closed","template":"tagcloud.php","meta":{"ngg_post_thumbnail":0,"footnotes":""},"class_list":["post-8402","page","type-page","status-publish","hentry"],"_links":{"self":[{"href":"https:\/\/www.igbce-blogs.de\/aufgeweckte-alte\/index.php?rest_route=\/wp\/v2\/pages\/8402","targetHints":{"allow":["GET"]}}],"collection":[{"href":"https:\/\/www.igbce-blogs.de\/aufgeweckte-alte\/index.php?rest_route=\/wp\/v2\/pages"}],"about":[{"href":"https:\/\/www.igbce-blogs.de\/aufgeweckte-alte\/index.php?rest_route=\/wp\/v2\/types\/page"}],"author":[{"embeddable":true,"href":"https:\/\/www.igbce-blogs.de\/aufgeweckte-alte\/index.php?rest_route=\/wp\/v2\/users\/3"}],"replies":[{"embeddable":true,"href":"https:\/\/www.igbce-blogs.de\/aufgeweckte-alte\/index.php?rest_route=%2Fwp%2Fv2%2Fcomments&post=8402"}],"version-history":[{"count":162,"href":"https:\/\/www.igbce-blogs.de\/aufgeweckte-alte\/index.php?rest_route=\/wp\/v2\/pages\/8402\/revisions"}],"predecessor-version":[{"id":14202,"href":"https:\/\/www.igbce-blogs.de\/aufgeweckte-alte\/index.php?rest_route=\/wp\/v2\/pages\/8402\/revisions\/14202"}],"wp:attachment":[{"href":"https:\/\/www.igbce-blogs.de\/aufgeweckte-alte\/index.php?rest_route=%2Fwp%2Fv2%2Fmedia&parent=8402"}],"curies":[{"name":"wp","href":"https:\/\/api.w.org\/{rel}","templated":true}]}}

2018 – PROGRAMM mit viel Überraschung!

<h2 style="text-align: left;"><span style="color: #bb0000;"><span style="color: #0000ff;"><span style="color: #0000ff;"> ****************************************************<span style="color: #bb0000;"><br />
<span style="text-decoration: underline; color: #0000ff;">Der Ausblick auf unser Jahresprogramm 2018</span></span></span></span></span></h2>
<h4><span style="color: #000080;">SONDERVERANSTALTUNG<strong> &#8211; </strong>Tagesfahrten und mehr!</span></h4>
<h2><span style="color: #0000ff;">****************************************************</span></h2>
<h3>ngg_shortcode_0_placeholder</h3>
<h2><span style="color: #000000;"><em><strong>Unsere Einladung zum Programm 2018</strong></em></span></h2>
<h6><span style="color: #000000;">Lachende Gesichter, zufriedene Mienen und Lob aus dem zu Ende gehenden Jahr,<br />
geben uns den Mut, Euch das neue</span> <span style="color: #0000ff;">Programm für das Jahrt 2018</span><span style="color: #000000;"> vorzustellen.<br />
</span><span style="color: #000000;">Hier unsere ausgewählten und hoffentlich für Sie interessanten Angebote!<br />
</span><span style="color: #000000;"><br />
</span><span style="color: #000000;">Unsere beliebten Treffen zum Kreppel- und Adventskaffee; Museumsbesuche;<br />
besondere Orte; Tagesfahrten und auch wieder eine Mehrtagesreise!<br />
</span><span style="color: #000000;">Wir freuen uns auf Euch und eine rege Teilnahme!</span></h6>
<h3><strong><em><span style="color: #000000;">Herzliche Grüße</span><br />
<span style="color: #000000;"> die „Aufgeweckten Alten“</span><br />
</em></strong><span style="color: #0000ff;"><u><br />
</u><strong><em>Mit der Themenauswahl für die unten genannten Monate!</em></strong></span></h3>
<ul>
<li style="list-style-type: none;">
<ul>
<li>
<h5><span style="color: #000000;"><strong><span style="color: #0000ff;">Januar [ 1 ]</span></strong><span style="color: #000000;"> am 24. Jan. 1. Gruppe ab 10:30 Uhr </span><br />
<a href="https://www.historisches-museum-frankfurt.de/">Historisches Museum:</a> <a href="https://www.historisches-museum-frankfurt.de/frankfurteinst">Frankfurt einst und jetzt</a><br />
mit anschließendem TREFFEN im Museums-Cafe</span><span style="color: #000000;">!<br />
</span><strong><span style="color: #0000ff;">LINK zur WEBSEITE: </span></strong><a href="https://www.igbce-blogs.de/aufgeweckte-alte/?page_id=10113"><span style="color: #ff0000;"><strong>Hier klicken!!!</strong></span></a></h5>
</li>
</ul>
</li>
</ul>
<h5>&nbsp;</h5>
<ul>
<li style="list-style-type: none;">
<ul>
<li>
<h5><span style="color: #000000;"><strong><span style="color: #0000ff;">Februar [ 2 ]</span>&nbsp;&nbsp;&nbsp;&nbsp;&nbsp;&nbsp;&nbsp;<br />
</strong>Kreppelkaffee am 21. Februar <em><span style="color: #ff0000;"><a href="https://www.igbce-blogs.de/aufgeweckte-alte/wp-content/gallery/adventskaffee-2017-in-hoechst/X005.jpg?i=587266250"><span style="text-decoration: underline;"><span style="color: #d20000; text-decoration: underline;">NEU ab 14:30 Uhr</span></span></a><br />
</span></em>LINK:&nbsp;<a href="http://www.st-josef-hoechst.de/wegbeschreibung_einrichtungen.html?&amp;L=">Der VERANSTALTUNGSORT Ffm-Höchst</a><br />
</span><span style="color: #0000ff;"><strong>LINK zur WEBSEITE: </strong></span><a href="https://www.igbce-blogs.de/aufgeweckte-alte/?page_id=10118"><span style="color: #ff0000;"><strong>Hier klicken!!!</strong></span></a></h5>
</li>
</ul>
</li>
</ul>
<h5>&nbsp;</h5>
<ul>
<li style="list-style-type: none;">
<ul>
<li>
<h5><span style="color: #000000;"><strong><span style="color: #0000ff;">März [ 3 ]</span>&nbsp; &nbsp;&nbsp;&nbsp;&nbsp;&nbsp;&nbsp;&nbsp;&nbsp;&nbsp;&nbsp;&nbsp;<br />
</strong><a href="https://de.wikipedia.org/wiki/Technisches_Verwaltungsgeb%C3%A4ude_der_Hoechst_AG">Werksrundfahrt Industriepark Höchst &amp; <span style="color: #0000ff;">Behrensbau</span></a></span><br />
<span style="color: #000000;">am 21. März ab 14:00 Uhr Einfahrt ins Werk!<br />
</span><span style="color: #0000ff;"><strong>LINK zur WEBSEITE: </strong></span><a href="https://www.igbce-blogs.de/aufgeweckte-alte/?page_id=10121"><span style="color: #ff0000;"><strong>Hier klicken!!!</strong></span></a></h5>
</li>
</ul>
</li>
</ul>
<h5>&nbsp;</h5>
<ul>
<li style="list-style-type: none;">
<ul>
<li>
<h5><span style="color: #000000;"><strong><span style="color: #0000ff;">April [ 4 ]</span>&nbsp;&nbsp; &nbsp;&nbsp;&nbsp;&nbsp;&nbsp;&nbsp;&nbsp;&nbsp;&nbsp;&nbsp;<br />
</strong>„<a href="http://www.heislitz.de/home.html">Gläserner Bäcker</a>“ Backhaus Heislitz (Kriftel)<br />
Impressionen aus der Welt des Backens!<br />
</span><span style="color: #0000ff;"><strong>LINK zur WEBSEITE: </strong></span><a href="https://www.igbce-blogs.de/aufgeweckte-alte/?page_id=10123"><span style="color: #ff0000;"><strong>Hier klicken!!!</strong></span></a></h5>
</li>
</ul>
</li>
</ul>
<h5>&nbsp;</h5>
<ul>
<li style="list-style-type: none;">
<ul>
<li>
<h5><span style="color: #000000;"><strong><span style="color: #0000ff;">Mai [ 5 ]</span>&nbsp;&nbsp;&nbsp;&nbsp; &nbsp;&nbsp;&nbsp;&nbsp;&nbsp;&nbsp;&nbsp;&nbsp;&nbsp;&nbsp;&nbsp;<br />
</strong><a href="https://de.wikipedia.org/wiki/Auto-_und_Technikmuseum_Sinsheim">Das Technikmuseum in Sinsheim</a> (Tagesfahrt)<br />
</span><span style="color: #0000ff;"><strong>LINK zur WEBSEITE: </strong></span><a href="https://www.igbce-blogs.de/aufgeweckte-alte/?page_id=10128"><strong><span style="color: #ff0000;">Hier klicken!!!</span></strong></a></h5>
</li>
</ul>
</li>
</ul>
<h5>&nbsp;</h5>
<ul>
<li style="list-style-type: none;">
<ul>
<li>
<h5><span style="color: #000000;"><strong><span style="color: #0000ff;">Juni [ 6 ] </span></strong>(Tagesfahrt)</span><br />
<span style="color: #000000;"><a href="https://www.worms.de/de/kultur/stadtgeschichte/wussten-sie-es/liste/2014_03_Dom.php">Nibelungen- &amp; Lutherstadt Worms mit Dom</a><br />
</span><span style="color: #0000ff;"><strong>LINK zur WEBSEITE: </strong></span><a href="https://www.igbce-blogs.de/aufgeweckte-alte/?page_id=10133"><span style="color: #ff0000;"><strong>Hier klicken!!!</strong></span></a></h5>
</li>
</ul>
</li>
</ul>
<h5>&nbsp;</h5>
<ul>
<li style="list-style-type: none;">
<ul>
<li>
<h5><strong><span style="color: #000000;"><span style="color: #0000ff;">September[ 7 ]</span><br />
</span></strong><span style="color: #000000;">Mehrtagesfahrt ( 4 ÜN )</span><a href="https://www.goslar.de/">Goslar</a>,<a href="https://www.schwarzaufweiss.de/deutschland/quedlinburg1.htm"><br />
Quedlinburg</a>, <a href="https://www.google.de/destination?q=Wernigerode&amp;site=search&amp;output=search&amp;dest_mid=/m/0855q&amp;sa=X&amp;ved=0ahUKEwi2utnzzIzYAhWCIcAKHc78D2sQ6tEBCEgoBDAC">Wernigerode</a><span style="color: #000000;"> und der <a href="https://de.wikipedia.org/wiki/Brocken">BROCKEN</a></span><span style="color: #000000;">.</span><strong><span style="color: #000000;"><br />
</span><span style="color: #0000ff;">LINK zur WEBSEITE: </span></strong><a href="https://www.igbce-blogs.de/aufgeweckte-alte/?page_id=11468"><span style="color: #ff0000;"><strong>Hier klicken!!!</strong></span></a></h5>
</li>
</ul>
</li>
</ul>
<h5>&nbsp;</h5>
<ul>
<li style="list-style-type: none;">
<ul>
<li>
<h5><strong><span style="color: #0000ff;">Oktober [ 8 ]</span><br />
</strong><span style="color: #0000ff;"><a href="http://www.weingut-preis.de/index.php/planwagen">Planwagenfahrt in Hochheim</a></span><br />
<span style="color: #000000;">Durch das Weingut Thomas Preis</span><strong><span style="color: #000000;"><br />
</span><span style="color: #0000ff;">LINK zur WEBSEITE:</span></strong> <a href="https://www.igbce-blogs.de/aufgeweckte-alte/?page_id=12532"><span style="color: #ff0000;"><strong>Hier klicken!!!</strong></span></a></h5>
</li>
</ul>
</li>
</ul>
<h5>&nbsp;</h5>
<ul>
<li style="list-style-type: none;">
<ul>
<li>
<h5><strong><span style="color: #0000ff;">November [ 9 ] </span></strong><span style="color: #ff0000;"><strong>am 21. Nov. ab 14:30 Uhr<br />
</strong></span><span style="color: #000000;">LINK zum Veranstaltungsort: </span><a href="https://www.igbce-blogs.de/aufgeweckte-alte/wp-content/uploads//2011/02/schleifergasse-2-65929-frankfurt-hochst-google-maps.pdf">Hier klicken!!!</a><br />
<span style="color: #000000;">Unser beliebter Adventskaffee! Vorstellung<br />
unseres JAHRESPROGRAMMs für 2019!<strong><br />
</strong></span><span style="color: #0000ff;"><strong>LINK zu den Bildern: </strong></span><a href="https://www.igbce-blogs.de/aufgeweckte-alte/?page_id=12576"><strong>Hier klicken!!!&nbsp;</strong></a></h5>
</li>
</ul>
</li>
</ul>
<p>&nbsp;</p>
<h3 style="text-align: left;"><span style="color: #0000ff;"><em>****************************************</em></span></h3>
<h3 style="text-align: left;"><span style="color: #0000ff;"><em>Wir freuen uns auf Euch alle, die<br />
AKTIVEN „Aufgeweckten Alten“!</em></span></h3>
<h3 style="text-align: left;"><span style="color: #0000ff;"><em>****************************************</em></span></h3>
<h3><strong><span style="color: #000000;">Zur </span><a title="NEUES mit Tagesfahrten &amp; Bodensee!" href="https://www.igbce-blogs.de/aufgeweckte-alte/?page_id=7409" target="_blank" rel="noopener">Übersicht 2017</a></strong></h3>
<h3 style="text-align: left;"><span style="color: #000000;"><span style="color: #000000;">Zur</span> </span><a href="https://www.igbce-blogs.de/aufgeweckte-alte/" target="_blank" rel="noopener">Startseite</a></h3>
<p style="text-align: center; padding-left: 30px;">&nbsp;</p>
Related Images:

<p>**************************************************** Der Ausblick auf unser Jahresprogramm 2018 SONDERVERANSTALTUNG &#8211; Tagesfahrten und mehr! **************************************************** Unsere Einladung zum Programm 2018 Lachende Gesichter, zufriedene Mienen und Lob aus dem zu Ende gehenden Jahr, geben uns den Mut, Euch das neue Programm für das Jahrt 2018 vorzustellen. Hier unsere ausgewählten und hoffentlich für Sie interessanten Angebote! Unsere beliebten Treffen [&hellip;]</p>
