{"id":7823,"date":"2017-07-17T12:17:02","date_gmt":"2017-07-17T10:17:02","guid":{"rendered":"http:\/\/www.igbce-blogs.de\/aufgeweckte-alte\/?page_id=7823"},"modified":"2017-12-19T14:30:46","modified_gmt":"2017-12-19T12:30:46","slug":"was-macht-das-esoc-in-darmstadt","status":"publish","type":"page","link":"https:\/\/www.igbce-blogs.de\/aufgeweckte-alte\/?page_id=7823","title":{"rendered":"Was macht ESOC\/ESA in Darmstadt?"},"content":{"rendered":"<h2><span style=\"color: #000080;\"><em><strong>Was<span style=\"color: #000080;\"> macht das ESOC\/ESA in<\/span> Darmstadt???<\/strong><\/em><\/span><\/h2>\n<h3><span style=\"color: #000080;\">************************************************************<\/span><\/h3>\n<p>ngg_shortcode_0_placeholderngg_shortcode_1_placeholder<\/p>\n<h2><span style=\"color: #000080;\"><strong><em>I<\/em><\/strong><em><strong>n der Sommerpause <\/strong><\/em><em><strong> am 17. Juli <\/strong><\/em><\/span><\/h2>\n<h2><span style=\"color: #000080;\"><em><strong>war unsere Son<span style=\"color: #000080;\">derveranstal<\/span>tung!<\/strong><\/em> <\/span><\/h2>\n<h2><span style=\"color: #000080;\"><em><strong>&#8211; &#8211; &#8211; &#8211; &#8211; &#8211; &#8211; &#8211; &#8211; &#8211; &#8211; &#8211; &#8211; &#8211; &#8211; &#8211; &#8211; &#8211; &#8211; &#8211; &#8211; &#8211; &#8211; &#8211; &#8211; &#8211; &#8211; &#8211; &#8211;<\/strong><\/em> <em><strong><br \/>\n<\/strong><\/em><\/span><\/h2>\n<h2><span style=\"color: #000080;\"> <span style=\"text-decoration: underline;\"><span style=\"color: #000000; text-decoration: underline;\">Dazu TEXT und BILD aus Wikipedia<\/span><\/span><\/span><\/h2>\n<h1 id=\"firstHeading\" lang=\"de\"><span style=\"color: #000080;\">Europ\u00e4isches Raumflugkontrollzentrum<\/span><\/h1>\n<p><a href=\"https:\/\/de.wikipedia.org\/wiki\/Datei:Views_in_the_Main_Control_Room_%2812052189474%29.jpg\" target=\"_blank\" rel=\"noopener\"><img loading=\"lazy\" decoding=\"async\" class=\"alignright\" src=\"https:\/\/upload.wikimedia.org\/wikipedia\/commons\/thumb\/4\/41\/Views_in_the_Main_Control_Room_%2812052189474%29.jpg\/220px-Views_in_the_Main_Control_Room_%2812052189474%29.jpg\" alt=\"\" width=\"220\" height=\"146\"\/><\/a><a href=\"https:\/\/de.wikipedia.org\/wiki\/Datei:European_Space_Operations_Centre.jpg\" target=\"_blank\" rel=\"noopener\"><img loading=\"lazy\" decoding=\"async\" class=\"alignleft\" src=\"https:\/\/upload.wikimedia.org\/wikipedia\/commons\/thumb\/a\/a8\/European_Space_Operations_Centre.jpg\/220px-European_Space_Operations_Centre.jpg\" alt=\"\" width=\"220\" height=\"147\"\/><\/a>Kontrollzentrum des ESOC<br \/>\nNeubau am Haupttor des ESOC-Gel\u00e4ndes<\/p>\n<p>Das <strong>Europ\u00e4ische Raumflugkontrollzentrum<\/strong> (K\u00fcrzel <strong>ESOC<\/strong> f\u00fcr <a title=\"Englische Sprache\" href=\"https:\/\/de.wikipedia.org\/wiki\/Englische_Sprache\">englisch<\/a> <em>European Space Operations Centre<\/em>) ist eines der Operationszentren der <a title=\"Europ\u00e4ische Weltraumorganisation\" href=\"https:\/\/de.wikipedia.org\/wiki\/Europ%C3%A4ische_Weltraumorganisation\">Europ\u00e4ischen Weltraumorganisation<\/a> (ESA) mit Hauptsitz im <a title=\"Darmstadt-Europaviertel\" href=\"https:\/\/de.wikipedia.org\/wiki\/Darmstadt-Europaviertel\">Europaviertel<\/a> von <a title=\"Darmstadt\" href=\"https:\/\/de.wikipedia.org\/wiki\/Darmstadt\">Darmstadt<\/a> (Hessen, Deutschland). Es wurde am 8. September 1967 vom damaligen Bundesforschungsminister der Bundesrepublik Deutschland, <a title=\"Gerhard Stoltenberg\" href=\"https:\/\/de.wikipedia.org\/wiki\/Gerhard_Stoltenberg\">Gerhard Stoltenberg<\/a>, er\u00f6ffnet.Das ESOC ist das <a title=\"Mission Control Center\" href=\"https:\/\/de.wikipedia.org\/wiki\/Mission_Control_Center\">Missionskontrollzentrum<\/a> f\u00fcr die meisten Weltraumprojekte der ESA. Mit seinen 800 Mitarbeitern betreut es ein gutes Dutzend Vorhaben gleichzeitig und verwendet als weltweites Netz von Bahnverfolgungsstationen sowohl <a title=\"ESTRACK\" href=\"https:\/\/de.wikipedia.org\/wiki\/ESTRACK\">ESTRACK<\/a> als auch das <a title=\"Deep Space Network\" href=\"https:\/\/de.wikipedia.org\/wiki\/Deep_Space_Network\">Deep Space Network<\/a> der <a title=\"NASA\" href=\"https:\/\/de.wikipedia.org\/wiki\/NASA\">NASA<\/a>.<\/p>\n<p>W\u00e4hrend der Projektplanung empfehlen die Expertenteams geeignete Tr\u00e4gerraketen, Flug- und Umlaufbahnen sowie Bodenverbindungen. Die zunehmenden Gefahren durch <a title=\"Weltraumm\u00fcll\" href=\"https:\/\/de.wikipedia.org\/wiki\/Weltraumm%C3%BCll\">Weltraumm\u00fcll<\/a> \u2013 die vielen tausend Fragmente von Raumflugger\u00e4ten, die die Erde umkreisen \u2013 werden ebenfalls von ESA\/ESOC \u00fcberwacht. Das <em>Space Debris Office<\/em> betreibt daf\u00fcr eine international gefragte Datenbank. Das Zentrum beherbergt zudem das Team des neuen ESA-Programms zur \u201eWeltraumlageerfassung\u201c (<a title=\"Space Situational Awareness\" href=\"https:\/\/de.wikipedia.org\/wiki\/Space_Situational_Awareness\">Space Situational Awareness<\/a>).<\/p>\n<p>Das ESOC (European Space Operations Centre) ist das Kontrollzentrum der ESA &#8211; &#8222;Europas Tor zum Weltraum&#8220;. Seit 1967 ist es f\u00fcr den Betrieb s\u00e4mtlicher ESA-Satelliten und f\u00fcr das dazu notwendige weltweite Netz der Bodenstationen verantwortlich. Das ESOC hat bislang \u00fcber 60 Satelliten der ESA operationell betreut, wie Huygens, Mars Express, Rosetta, Envisat, GOCE, Herschel\/Planck, etc. Au\u00dferdem hat das Zentrum zahlreiche Missionen anderer nationaler und internationaler Organisationen unterst\u00fctzt.<\/p>\n<p>Aufgrund seiner hoch entwickelten Technik und seiner Spezialisten-Teams ist das ESOC in der Lage, gleichzeitig \u00fcber 15 Satelliten in Routine und weitere Satelliten in der fr\u00fchen Startphase (LEOP) zu kontrollieren bzw. weltweit renommierte Rettungsaktionen durchzuf\u00fchren. Im Jahr 2013 besch\u00e4ftigt das ESOC etwa 260 Festangestellte sowie 600 Mitarbeiter von Vertragsfirmen.<\/p>\n<h2><span style=\"color: #000080;\"><em><strong>Hier noch einige interessa<\/strong><\/em><em><strong>nte Link&#8217;s zum Thema!<\/strong><\/em><em><strong><br \/>\n<\/strong><\/em><\/span><\/h2>\n<h3><span style=\"color: #000080;\">********************************************************************<\/span><\/h3>\n<h3><span style=\"color: #000080;\">Was macht das ESOC in Darmstadt?<\/span><br \/>\n<span style=\"color: #000080;\"> Ein Ueberblick &#8211; bitte unten klicken!<\/span><br \/>\n<span style=\"color: #ff0000;\"><a href=\"http:\/\/www.esa.int\/ger\/ESA_in_your_country\/Germany\/Was_macht_das_ESOC_in_Darmstadt_Ein_Ueberblick\">http:\/\/www.esa.int\/ger\/ESA_in_your_country\/Germany\/Was_macht_das_ESOC_in_Darmstadt_Ein_Ueberblick<\/a><\/span><\/h3>\n<h3><span style=\"color: #000080;\">Willkommen am Centrum f\u00fcr Satellitennavigation!<\/span><br \/>\n<span style=\"color: #ff0000;\"><a href=\"http:\/\/www.cesah.com\/http:\/\/www.navipedia.net\/index.php\/Main_Page\">http:\/\/www.cesah.com\/http:\/\/www.navipedia.net\/index.php\/Main_Page<\/a><\/span><\/h3>\n<h3><span style=\"color: #000080;\">Das All in Videos!<\/span><br \/>\n<a href=\"http:\/\/www.esa.int\/spaceinvideos\/Videos\"><span style=\"color: #000080;\"><span style=\"color: #ff0000;\">http:\/\/www.esa.int\/spaceinvideos\/Videos<\/span><\/span><\/a><\/h3>\n<h3><span style=\"color: #0000ff;\"><em>****************************************<\/em><\/span><\/h3>\n<h3><span style=\"color: #0000ff;\"><em>Wir freuen uns auf Euch alle, die<br \/>\nAKTIVEN \u201eAufgeweckten Alten\u201c!<\/em><\/span><\/h3>\n<h3><span style=\"color: #0000ff;\"><em>****************************************<\/em><\/span><\/h3>\n<h4><strong><span style=\"color: #000000;\">Zur <\/span><a title=\"NEUES mit Tagesfahrten &amp; Bodensee!\" href=\"https:\/\/www.igbce-blogs.de\/aufgeweckte-alte\/?page_id=7409\" target=\"_blank\" rel=\"noopener\">\u00dcbersicht 2017<\/a><\/strong><\/h4>\n<h3 style=\"text-align: left;\"><span style=\"color: #000000;\"><span style=\"color: #000000;\">Zur<\/span> <\/span><a href=\"https:\/\/www.igbce-blogs.de\/aufgeweckte-alte\/\" target=\"_blank\" rel=\"noopener\">Startseite<\/a><\/h3>\n<p style=\"text-align: center; padding-left: 30px;\">&nbsp;<\/p>\nRelated Images:","protected":false},"excerpt":{"rendered":"<p>Was macht das ESOC\/ESA in Darmstadt??? ************************************************************ In der Sommerpause am 17. Juli war unsere Sonderveranstaltung! &#8211; &#8211; &#8211; &#8211; &#8211; &#8211; &#8211; &#8211; &#8211; &#8211; &#8211; &#8211; &#8211; &#8211; &#8211; &#8211; &#8211; &#8211; &#8211; &#8211; &#8211; &#8211; &#8211; &#8211; &#8211; &#8211; &#8211; &#8211; &#8211; Dazu TEXT und BILD aus Wikipedia Europ\u00e4isches Raumflugkontrollzentrum Kontrollzentrum des [&hellip;]<\/p>\n","protected":false},"author":3,"featured_media":0,"parent":7409,"menu_order":5,"comment_status":"open","ping_status":"closed","template":"tagcloud.php","meta":{"ngg_post_thumbnail":0,"footnotes":""},"class_list":["post-7823","page","type-page","status-publish","hentry"],"_links":{"self":[{"href":"https:\/\/www.igbce-blogs.de\/aufgeweckte-alte\/index.php?rest_route=\/wp\/v2\/pages\/7823","targetHints":{"allow":["GET"]}}],"collection":[{"href":"https:\/\/www.igbce-blogs.de\/aufgeweckte-alte\/index.php?rest_route=\/wp\/v2\/pages"}],"about":[{"href":"https:\/\/www.igbce-blogs.de\/aufgeweckte-alte\/index.php?rest_route=\/wp\/v2\/types\/page"}],"author":[{"embeddable":true,"href":"https:\/\/www.igbce-blogs.de\/aufgeweckte-alte\/index.php?rest_route=\/wp\/v2\/users\/3"}],"replies":[{"embeddable":true,"href":"https:\/\/www.igbce-blogs.de\/aufgeweckte-alte\/index.php?rest_route=%2Fwp%2Fv2%2Fcomments&post=7823"}],"version-history":[{"count":33,"href":"https:\/\/www.igbce-blogs.de\/aufgeweckte-alte\/index.php?rest_route=\/wp\/v2\/pages\/7823\/revisions"}],"predecessor-version":[{"id":9946,"href":"https:\/\/www.igbce-blogs.de\/aufgeweckte-alte\/index.php?rest_route=\/wp\/v2\/pages\/7823\/revisions\/9946"}],"up":[{"embeddable":true,"href":"https:\/\/www.igbce-blogs.de\/aufgeweckte-alte\/index.php?rest_route=\/wp\/v2\/pages\/7409"}],"wp:attachment":[{"href":"https:\/\/www.igbce-blogs.de\/aufgeweckte-alte\/index.php?rest_route=%2Fwp%2Fv2%2Fmedia&parent=7823"}],"curies":[{"name":"wp","href":"https:\/\/api.w.org\/{rel}","templated":true}]}}