{"id":7675,"date":"2017-03-29T13:37:57","date_gmt":"2017-03-29T11:37:57","guid":{"rendered":"http:\/\/www.igbce-blogs.de\/aufgeweckte-alte\/?page_id=7675"},"modified":"2017-12-19T14:29:29","modified_gmt":"2017-12-19T12:29:29","slug":"gelnhausen-budingenronneburg","status":"publish","type":"page","link":"https:\/\/www.igbce-blogs.de\/aufgeweckte-alte\/?page_id=7675","title":{"rendered":"Gelnhausen &#8211; B\u00fcdingen &#8211; Ronneburg"},"content":{"rendered":"<h2><strong><span style=\"color: #0000ff;\"><em>Tagesfahrt nac<span style=\"color: #0000ff;\">h <\/span><\/em><\/span><span style=\"color: #0000ff;\"><em>Gelnhausen, B\u00fcdingen<br \/>\nund auf die Ronneburg am 29. M\u00e4rz 2017<\/em><\/span><\/strong><\/h2>\nngg_shortcode_0_placeholder\n<p><strong><span style=\"text-decoration: underline;\">Erlebnistag mit viel Geschichte: Gelnhausen \u2013 B\u00fcdingen \u2013 Ronneburg<\/span><\/strong><\/p>\n<p>Am <strong>29. M\u00e4rz<\/strong> fuhren wir vom <strong>Bf.-H\u00f6chst um 8:00 Uhr<\/strong> nach Gelnhausen.<br \/>\nUns erwartete dort eine <strong>Altstadtf\u00fchrung mit der Kaiserpfalz<\/strong>.<\/p>\n<p>Weiter ging es nach B\u00fcdingen zum Mittagessen in den <strong>Gasthof \u201eBleffe\u201c.<\/strong><br \/>\nAnschlie\u00dfend sind wir gut gest\u00e4rkt durch<br \/>\ndie <strong>lebendige Geschichte B\u00fcdingen\u2019s <\/strong>gef\u00fchrt worden<strong>.<\/strong><\/p>\nngg_shortcode_1_placeholder\n<p>Bei einer Kaffepause kamen wir dann wieder etwas zur Ruhe.<\/p>\n<p>Jetzt ging es <strong>zur Ronneburg. <\/strong>Auch hier wurden wir nicht allein gelassen.<\/p>\nngg_shortcode_2_placeholder\n<p>In zwei Gruppen wurden wir durch diese interessante Anlage gef\u00fchrt.<\/p>\n<p>Die Burganlage ist der Gipfel eines sehr markanten <a title=\"Basalt\" href=\"https:\/\/de.wikipedia.org\/wiki\/Basalt\">Basaltkegels<\/a>.<\/p>\n<p>Gegen 18:00 Uhr traten wir dann die Heimfahrt an.<\/p>\n<p>&nbsp;<\/p>\n<p><strong><span style=\"text-decoration: underline;\">PROGRAMM zum Erlebnistag mit viel Geschichte: <\/span><\/strong><\/p>\n<p><strong><span style=\"text-decoration: underline;\">Gelnhausen&nbsp; \u2013&nbsp; B\u00fcdingen&nbsp; \u2013&nbsp; Ronneburg<\/span><\/strong><\/p>\n<p>08:00 Uhr Abfahrt Bf.-H\u00f6chst mit ca.<\/p>\n<p>09:00 Uhr Ankunft in der Altstadt Gelnhausen<\/p>\n<p>09:15 Uhr Stadtf\u00fchrung Gelnhausen<br \/>\nmit der Kaiserpfalz ca. 1 \u00bd Stunden<\/p>\n<p>11:30 Uhr Weiterfahrt nach B\u00fcdingen<\/p>\n<p>12:00 Uhr Mittagessen im \u201eGasthaus Bleffe\u201c in B\u00fcdingen<\/p>\n<p>14:00 Uhr Stadtf\u00fchrung &#8211; B\u00fcdingen ca. 1ne Stunde<\/p>\n<p>15:00 Uhr Kaffeepause zum Ausruhen und Kr\u00e4fte sammeln<\/p>\n<p>16:00 Uhr geht es weiter zur Ronneburg<\/p>\n<p>17:00 Uhr F\u00fchrung auf der Ronneburg<\/p>\n<p>18:00 Uhr R\u00fcckfahrt nach Bf.-H\u00f6chst mit ca.<\/p>\n<p>19:00 Uhr geplanter Ankunft<\/p>\n<p><strong><em>Wir hatten super Wetter und einen fantastischen Tag!<br \/>\nHerzliche Gr\u00fc\u00dfe<br \/>\ndie \u201eAufgeweckten Alten\u201c<\/em><\/strong><\/p>\n<h2><span style=\"color: #0000ff;\">**************************************************<\/span><\/h2>\n<h3><span style=\"color: #000000;\">LINK zu den FOTO\u2019s: <\/span><a title=\"Tagesfahrt nach B\u00fcdingen, Gelnhausen und die Ronneburg\" href=\"https:\/\/www.igbce-blogs.de\/aufgeweckte-alte\/?p=7695\" target=\"_blank\" rel=\"noopener\"><strong>Hier klicken!!!<\/strong><\/a><\/h3>\n<h2><span style=\"color: #0000ff;\">**************************************************<\/span><\/h2>\n<h2><span style=\"color: #0000ff;\"><span style=\"text-decoration: underline;\">Kultur und Sehensw\u00fcrdigkeiten aus Wikipedia<\/span><\/span><\/h2>\n<h4><em><a title=\"Geschichte der Stadt Gelnhausen\" href=\"https:\/\/de.wikipedia.org\/wiki\/Geschichte_der_Stadt_Gelnhausen\">Geschichte der Stadt Gelnhausen<\/a><\/em><\/h4>\n<p><em><a href=\"https:\/\/de.wikipedia.org\/wiki\/Datei:Gelnhausen_Stadtansicht.jpg\" target=\"_blank\" rel=\"noopener\"><img loading=\"lazy\" decoding=\"async\" src=\"https:\/\/upload.wikimedia.org\/wikipedia\/commons\/thumb\/f\/fd\/Gelnhausen_Stadtansicht.jpg\/750px-Gelnhausen_Stadtansicht.jpg\" alt=\"\" width=\"480\" height=\"211\"\/><\/a> <\/em><\/p>\n<p>Ansicht auf Gelnhausen. In der Bildmitte die Marienkirche.<\/p>\n<p>Mit langgestrecktem Unter- und Obermarkt, f\u00fcnf erhaltenen Tort\u00fcrmen und Teilen der alten Stadtbefestigung hat sich die fr\u00fchere Reichsstadt ihr mittelalterliches Gepr\u00e4ge erhalten.<\/p>\n<p>In der ersten H\u00e4lfte des 12. Jahrhunderts nannte sich ein (zuvor in <a title=\"Langenselbold\" href=\"https:\/\/de.wikipedia.org\/wiki\/Langenselbold\">Langenselbold<\/a> ans\u00e4ssiger) Zweig des Adelsgeschlechts der <a title=\"Reginbodonen\" href=\"https:\/\/de.wikipedia.org\/wiki\/Reginbodonen\">Reginbodonen<\/a> nach Gelnhausen, die <a title=\"Selbold-Gelnhausen\" href=\"https:\/\/de.wikipedia.org\/wiki\/Selbold-Gelnhausen\">Grafen von Selbold-Gelnhausen<\/a>.<\/p>\n<p>Die Stadtgr\u00fcndung von Gelnhausen erfolgte im Jahr 1170 durch Kaiser <a title=\"Friedrich I. (HRR)\" href=\"https:\/\/de.wikipedia.org\/wiki\/Friedrich_I._%28HRR%29\">Friedrich I. (Barbarossa)<\/a>, was ihr den heute gel\u00e4ufigen Beinamen \u201e<a title=\"Barbarossastadt\" href=\"https:\/\/de.wikipedia.org\/wiki\/Barbarossastadt\">Barbarossastadt<\/a>\u201c einbrachte.<\/p>\n<p>Die Bl\u00fcte war von kurzer Dauer. Die Verpf\u00e4ndung der Stadt durch Kaiser <a title=\"Karl IV. (HRR)\" href=\"https:\/\/de.wikipedia.org\/wiki\/Karl_IV._%28HRR%29\">Karl IV.<\/a> 1349 und der <a title=\"Drei\u00dfigj\u00e4hriger Krieg\" href=\"https:\/\/de.wikipedia.org\/wiki\/Drei%C3%9Figj%C3%A4hriger_Krieg\">Drei\u00dfigj\u00e4hrige Krieg<\/a> warfen sie auf regionale Bedeutung zur\u00fcck.<\/p>\n<p>1974 verlor Gelnhausen zun\u00e4chst den seit kurhessischer Zeit bestehenden Status einer Kreisstadt. Im Juli 2005 wurde jedoch die Verwaltung des <a title=\"Main-Kinzig-Kreis\" href=\"https:\/\/de.wikipedia.org\/wiki\/Main-Kinzig-Kreis\">Main-Kinzig-Kreises<\/a> aus <a title=\"Hanau\" href=\"https:\/\/de.wikipedia.org\/wiki\/Hanau\">Hanau<\/a> hierhin verlegt. Der Kreis erhielt anstelle von HU das KfZ-Kennzeichen MKK. Seit dem 1. Januar 2013 wird das alte Kennzeichen \u201eGN\u201c wieder vergeben.<sup id=\"cite_ref-3\"><a href=\"https:\/\/de.wikipedia.org\/wiki\/Gelnhausen#cite_note-3\">[3]<\/a><\/sup><\/p>\n<p>Seit 1994 befindet sich das <a title=\"Kreiswehrersatzamt\" href=\"https:\/\/de.wikipedia.org\/wiki\/Kreiswehrersatzamt\">Kreiswehrersatzamt<\/a> f\u00fcr den Gro\u00dfraum Frankfurt in Gelnhausen.<\/p>\n<p>Seit einem schweren Hagelsturm im Mittelalter, der die Stadt vor einer weitgehenden Zerst\u00f6rung durch eine Feuersbrunst bewahrte, begeht man in jedem Jahr am 15. August den sogenannten Hageltag im Rahmen eines \u00f6kumenischen Gottesdienstes.<\/p>\n<h4><span style=\"color: #000000;\">Bauwerke B\u00fcdingen als <a title=\"Rothenburg ob der Tauber\" href=\"https:\/\/de.wikipedia.org\/wiki\/Rothenburg_ob_der_Tauber\">Rothenburg<\/a> Hessens bezeichnet&#8230;<\/span><\/h4>\n<p>B\u00fcdingen wird oft als das <a title=\"Rothenburg ob der Tauber\" href=\"https:\/\/de.wikipedia.org\/wiki\/Rothenburg_ob_der_Tauber\">Rothenburg<\/a> Hessens bezeichnet. Im historischen Stadtkern finden sich <a title=\"Fachwerkhaus\" href=\"https:\/\/de.wikipedia.org\/wiki\/Fachwerkhaus\">Fachwerkh\u00e4user<\/a>, die zum Teil mehrere hundert Jahre alt sind. Zumeist ist das Erdgeschoss jedoch in massivem Sandstein gehalten, was seinerzeit dem Brandschutz diente. Sehenswert ist die gut erhaltene <a title=\"Mittelalter\" href=\"https:\/\/de.wikipedia.org\/wiki\/Mittelalter\">mittelalterliche<\/a> <a title=\"Festung\" href=\"https:\/\/de.wikipedia.org\/wiki\/Festung\">Befestigungsanlage<\/a> der <a title=\"Stadt\" href=\"https:\/\/de.wikipedia.org\/wiki\/Stadt\">Stadt<\/a>: Gro\u00dfe Teile der <a title=\"Stadtmauer\" href=\"https:\/\/de.wikipedia.org\/wiki\/Stadtmauer\">Stadtmauer<\/a>, der <a title=\"Wehrturm\" href=\"https:\/\/de.wikipedia.org\/wiki\/Wehrturm\">Wehrt\u00fcrme<\/a> und <a title=\"Stadttor\" href=\"https:\/\/de.wikipedia.org\/wiki\/Stadttor\">Stadttore<\/a> sind erhalten und teilweise begehbar. B\u00fcdingen liegt an der <a title=\"Deutsche Fachwerkstra\u00dfe\" href=\"https:\/\/de.wikipedia.org\/wiki\/Deutsche_Fachwerkstra%C3%9Fe\">Deutschen Fachwerkstra\u00dfe<\/a>.<\/p>\n<div>\n<div><a href=\"https:\/\/de.wikipedia.org\/wiki\/Datei:Buedingen_Untertor2.jpg\" target=\"_blank\" rel=\"noopener\"><img loading=\"lazy\" decoding=\"async\" style=\"border: 2px solid black; margin: 2px;\" src=\"https:\/\/upload.wikimedia.org\/wikipedia\/commons\/thumb\/6\/60\/Buedingen_Untertor2.jpg\/220px-Buedingen_Untertor2.jpg\" alt=\"\" width=\"220\" height=\"165\"\/><\/a><a href=\"https:\/\/de.wikipedia.org\/wiki\/Datei:Schloss_B%C3%BCdingen.jpg\" target=\"_blank\" rel=\"noopener\"><img loading=\"lazy\" decoding=\"async\" style=\"border: 2px solid black; margin: 2px;\" src=\"https:\/\/upload.wikimedia.org\/wikipedia\/commons\/thumb\/d\/db\/Schloss_B%C3%BCdingen.jpg\/220px-Schloss_B%C3%BCdingen.jpg\" alt=\"\" width=\"244\" height=\"165\"\/><\/a><\/div>\n<\/div>\n<div>\n<div>\n<div>Das <a title=\"Untertor (B\u00fcdingen)\" href=\"https:\/\/de.wikipedia.org\/wiki\/Untertor_%28B%C3%BCdingen%29\">Jerusalemer Tor<\/a><\/div>\n<\/div>\n<\/div>\n<p>Eine besondere Attraktion ist das <a title=\"Untertor (B\u00fcdingen)\" href=\"https:\/\/de.wikipedia.org\/wiki\/Untertor_%28B%C3%BCdingen%29\">Untertor<\/a> (auch bekannt als Jerusalemer Tor) mit vorgelagerter Br\u00fccke, vollendet im Jahr 1503. Die \u00dcberlieferung besagt, dass dieses Tor nach der Pilgerreise eines Sohnes des Grafen Ludwig als Kopie des Jerusalemer Schafstores erbaut wurde.<\/p>\n<div>\n<div>\n<p>Das <em><a title=\"Schloss B\u00fcdingen\" href=\"https:\/\/de.wikipedia.org\/wiki\/Schloss_B%C3%BCdingen\">B\u00fcdinger Schloss<\/a><\/em>, eine im Kern <a title=\"Staufer\" href=\"https:\/\/de.wikipedia.org\/wiki\/Staufer\">staufische<\/a> Wasserburg, erhielt sein jetziges Aussehen im 16. Jahrhundert. Schon immer wurde die Anlage von den Herren von B\u00fcdingen als Schloss bezeichnet. Noch heute wohnt dort die Familie <em>F\u00fcrst zu Ysenburg und B\u00fcdingen<\/em>.<\/p>\n<\/div>\n<\/div>\n<p>Der \u00e4u\u00dfere Schlosshof ist f\u00fcr Besucher frei zug\u00e4nglich. Die Geb\u00e4ude selbst k\u00f6nnen in gef\u00fchrten Besichtigungen erkundet werden. Direkt hinter dem Schloss befindet sich der weitgehend \u00f6ffentliche Schlosspark, der den B\u00fcdingern heute als Naherholungsziel dient.<\/p>\n<p>Das \u00e4lteste Wohngeb\u00e4ude der Stadt ist das <a title=\"Steinernes Haus (B\u00fcdingen)\" href=\"https:\/\/de.wikipedia.org\/wiki\/Steinernes_Haus_%28B%C3%BCdingen%29\">Steinerne Haus<\/a>, das im Gegensatz zu den sonstigen Fachwerkh\u00e4usern komplett in Stein errichtet wurde. Es hatte mit seiner burgartigen Mauer die Aufgabe, den wichtigen Br\u00fcckenkopf am M\u00fchltor zu sichern und ist integraler Bestandteil der Stadtbefestigung.<\/p>\n<p>Das \u00e4lteste Renaissancegeb\u00e4ude der Stadt ist der <a title=\"Oberhof (B\u00fcdingen)\" href=\"https:\/\/de.wikipedia.org\/wiki\/Oberhof_%28B%C3%BCdingen%29\">Oberhof<\/a>. Das <em>Bandhaus<\/em>, das bauf\u00e4llige Haus der K\u00fcfer aus dem 16. Jahrhundert, diente 2013 als Archiv f\u00fcr Dokumente aus der Zeit der f\u00fcrstlichen Verwaltung.<sup id=\"cite_ref-23\"><a href=\"https:\/\/de.wikipedia.org\/wiki\/B%C3%BCdingen#cite_note-23\">[23]<\/a><\/sup><\/p>\n<p>Das <a title=\"Rathaus (B\u00fcdingen)\" href=\"https:\/\/de.wikipedia.org\/wiki\/Rathaus_%28B%C3%BCdingen%29\">historische Rathaus<\/a> war das Zentrum des Marktes B\u00fcdingen und diente als Markthalle, Tanz- und Spielhaus und im Obergeschoss als <a title=\"Blutgerichtsbarkeit\" href=\"https:\/\/de.wikipedia.org\/wiki\/Blutgerichtsbarkeit\">Hochgericht<\/a>. Heute beherbergt es das \u201eHeuson-Museum\u201c und den Sitzungssaal der <a title=\"Gemeindevertretung\" href=\"https:\/\/de.wikipedia.org\/wiki\/Gemeindevertretung\">Stadtverordnetenversammlung<\/a>.<\/p>\n<div>\n<div><a title=\"Die Ronneburg, Ansicht von S\u00fcden\" href=\"https:\/\/de.wikipedia.org\/wiki\/Datei:Ronneburg_Hessen_03.jpg\" target=\"_blank\" rel=\"noopener\"><img loading=\"lazy\" decoding=\"async\" src=\"https:\/\/upload.wikimedia.org\/wikipedia\/commons\/thumb\/e\/e3\/Ronneburg_Hessen_03.jpg\/300px-Ronneburg_Hessen_03.jpg\" alt=\"Die Ronneburg, Ansicht von S\u00fcden\" width=\"480\" height=\"360\"\/><\/a><\/div>\n<\/div>\n<p>Die <strong>Burg Ronneburg<\/strong> bei <a title=\"Altwiedermus\" href=\"https:\/\/de.wikipedia.org\/wiki\/Altwiedermus\">Altwiedermus<\/a>, einem Ortsteil der Gemeinde <a title=\"Ronneburg (Hessen)\" href=\"https:\/\/de.wikipedia.org\/wiki\/Ronneburg_%28Hessen%29\">Ronneburg<\/a> im <a title=\"Main-Kinzig-Kreis\" href=\"https:\/\/de.wikipedia.org\/wiki\/Main-Kinzig-Kreis\">Main-Kinzig-Kreis<\/a> in <a title=\"Hessen\" href=\"https:\/\/de.wikipedia.org\/wiki\/Hessen\">Hessen<\/a>, ist durch ihre Lage als <a title=\"H\u00f6henburg\" href=\"https:\/\/de.wikipedia.org\/wiki\/H%C3%B6henburg\">H\u00f6henburg<\/a> auf einem steilen <a title=\"Basalt\" href=\"https:\/\/de.wikipedia.org\/wiki\/Basalt\">Basaltkegel<\/a> weithin sichtbar und Namensgeberin des <a title=\"Ronneburger H\u00fcgelland\" href=\"https:\/\/de.wikipedia.org\/wiki\/Ronneburger_H%C3%BCgelland\">Ronneburger H\u00fcgellandes<\/a>. Urspr\u00fcnglich wohl im 13. Jahrhundert als <a title=\"Kurmainz\" href=\"https:\/\/de.wikipedia.org\/wiki\/Kurmainz\">mainzische<\/a> Burg zur Sicherung des Territoriums gegr\u00fcndet, gelangte sie 1476 in <a title=\"Isenburg (Adelsgeschlecht)\" href=\"https:\/\/de.wikipedia.org\/wiki\/Isenburg_%28Adelsgeschlecht%29\">ysenburgischen Besitz<\/a>. Ihre gr\u00f6\u00dfte Bedeutung erlangte sie als Residenz der Nebenlinie <a title=\"Grafschaft Isenburg-Ronneburg\" href=\"https:\/\/de.wikipedia.org\/wiki\/Grafschaft_Isenburg-Ronneburg\">Ysenburg-B\u00fcdingen-Ronneburg<\/a> im 16. Jahrhundert. Die Burg weist deshalb eine sehr bedeutsame Architektur der <a title=\"Renaissance\" href=\"https:\/\/de.wikipedia.org\/wiki\/Renaissance\">Renaissance<\/a> auf, darunter den markanten <a title=\"Helm (Architektur)\" href=\"https:\/\/de.wikipedia.org\/wiki\/Helm_%28Architektur%29\">Kuppelhelm<\/a> des <a title=\"Bergfried\" href=\"https:\/\/de.wikipedia.org\/wiki\/Bergfried\">Bergfriedes<\/a>, der Zinzendorfbau und die Neue Kemenate. Im <a title=\"Drei\u00dfigj\u00e4hriger Krieg\" href=\"https:\/\/de.wikipedia.org\/wiki\/Drei%C3%9Figj%C3%A4hriger_Krieg\">Drei\u00dfigj\u00e4hrigen Krieg<\/a> brannte die Kernburg zun\u00e4chst weitgehend aus, einige Jahre sp\u00e4ter wurde die Ronneburg gepl\u00fcndert. In der Folgezeit verlor sie ihre Funktion als Wehranlage und Adelssitz und diente als Zufluchtsort f\u00fcr gesellschaftliche Randgruppen wie die <a title=\"Herrnhuter Br\u00fcdergemeine\" href=\"https:\/\/de.wikipedia.org\/wiki\/Herrnhuter_Br%C3%BCdergemeine\">Herrnhuter Br\u00fcdergemeine<\/a>. Ihre Bedeutung als Denkmal wurde um 1900 entdeckt. Die gute Erhaltung der mittelalterlichen und fr\u00fchneuzeitlichen Burggeb\u00e4ude macht sie seitdem zu einem bekannten Ausflugsziel der Region.<\/p>\n<p>Die Ronneburg, Ansicht von S\u00fcden<\/p>\n<p><strong><span style=\"color: #0000ff;\">***************************************<\/span><\/strong><\/p>\n<p><strong><span style=\"color: #0000ff;\">Wir freuen uns auf Euch <em>alle die<br \/>\nAKTIVEN \u201eAufgeweckten Alten\u201c!<\/em><\/span><\/strong><\/p>\n<p><strong><span style=\"color: #0000ff;\">***************************************<\/span><\/strong><\/p>\n<h3><span style=\"color: #000000;\">Zur <\/span><a title=\"NEUES mit Tagesfahrten &amp; Bodensee!\" href=\"https:\/\/www.igbce-blogs.de\/aufgeweckte-alte\/?page_id=7409\" target=\"_blank\" rel=\"noopener\">\u00dcbersicht 2017<\/a><\/h3>\n<h3 style=\"text-align: left;\"><span style=\"color: #000000;\"><span style=\"color: #000000;\">Zur<\/span> <\/span><a href=\"https:\/\/www.igbce-blogs.de\/aufgeweckte-alte\/\" target=\"_blank\" rel=\"noopener\">Startseite<\/a><\/h3>\n<p style=\"text-align: center; padding-left: 30px;\">&nbsp;<\/p>\nRelated Images:","protected":false},"excerpt":{"rendered":"<p>Tagesfahrt nach Gelnhausen, B\u00fcdingen und auf die Ronneburg am 29. M\u00e4rz 2017 Erlebnistag mit viel Geschichte: Gelnhausen \u2013 B\u00fcdingen \u2013 Ronneburg Am 29. M\u00e4rz fuhren wir vom Bf.-H\u00f6chst um 8:00 Uhr nach Gelnhausen. Uns erwartete dort eine Altstadtf\u00fchrung mit der Kaiserpfalz. Weiter ging es nach B\u00fcdingen zum Mittagessen in den Gasthof \u201eBleffe\u201c. Anschlie\u00dfend sind wir [&hellip;]<\/p>\n","protected":false},"author":3,"featured_media":0,"parent":7409,"menu_order":3,"comment_status":"open","ping_status":"closed","template":"tagcloud.php","meta":{"ngg_post_thumbnail":0,"footnotes":""},"class_list":["post-7675","page","type-page","status-publish","hentry"],"_links":{"self":[{"href":"https:\/\/www.igbce-blogs.de\/aufgeweckte-alte\/index.php?rest_route=\/wp\/v2\/pages\/7675","targetHints":{"allow":["GET"]}}],"collection":[{"href":"https:\/\/www.igbce-blogs.de\/aufgeweckte-alte\/index.php?rest_route=\/wp\/v2\/pages"}],"about":[{"href":"https:\/\/www.igbce-blogs.de\/aufgeweckte-alte\/index.php?rest_route=\/wp\/v2\/types\/page"}],"author":[{"embeddable":true,"href":"https:\/\/www.igbce-blogs.de\/aufgeweckte-alte\/index.php?rest_route=\/wp\/v2\/users\/3"}],"replies":[{"embeddable":true,"href":"https:\/\/www.igbce-blogs.de\/aufgeweckte-alte\/index.php?rest_route=%2Fwp%2Fv2%2Fcomments&post=7675"}],"version-history":[{"count":41,"href":"https:\/\/www.igbce-blogs.de\/aufgeweckte-alte\/index.php?rest_route=\/wp\/v2\/pages\/7675\/revisions"}],"predecessor-version":[{"id":9961,"href":"https:\/\/www.igbce-blogs.de\/aufgeweckte-alte\/index.php?rest_route=\/wp\/v2\/pages\/7675\/revisions\/9961"}],"up":[{"embeddable":true,"href":"https:\/\/www.igbce-blogs.de\/aufgeweckte-alte\/index.php?rest_route=\/wp\/v2\/pages\/7409"}],"wp:attachment":[{"href":"https:\/\/www.igbce-blogs.de\/aufgeweckte-alte\/index.php?rest_route=%2Fwp%2Fv2%2Fmedia&parent=7675"}],"curies":[{"name":"wp","href":"https:\/\/api.w.org\/{rel}","templated":true}]}}