{"id":6995,"date":"2016-08-24T12:19:59","date_gmt":"2016-08-24T10:19:59","guid":{"rendered":"http:\/\/www.igbce-blogs.de\/aufgeweckte-alte\/?page_id=6995"},"modified":"2016-08-24T16:48:26","modified_gmt":"2016-08-24T14:48:26","slug":"domstadt-fritzlar-edersee-bootsfahrt","status":"publish","type":"page","link":"https:\/\/www.igbce-blogs.de\/aufgeweckte-alte\/?page_id=6995","title":{"rendered":"Domstadt FRITZLAR und EDERSEE"},"content":{"rendered":"<h2 style=\"text-align: center;\"><span style=\"color: #000000;\">Kultur &amp; Natur war heute das Programm mit \u00a0der<br \/>\nDom- &amp; Kaiserstadt Fritzlar plus dem Edersee im<br \/>\nNaturpark Kellerwald.<\/span><\/h2>\n<h3><span style=\"color: #000000;\"><\/p>\n<p><\/span><\/h3>\n<h3 style=\"text-align: center;\"><span style=\"color: #000000;\"><span style=\"color: #000000;\"><strong><img loading=\"lazy\" decoding=\"async\" class=\"ngg-singlepic ngg-none\" style=\"border: 3px solid black; margin: 3px;\" src=\"https:\/\/www.igbce-blogs.de\/aufgeweckte-alte\/wp-content\/gallery\/domstadt-fritzlar-edersee\/066.jpg\" alt=\"Die Domstadt FRITZLAR mit St. BONIFATIUS\" width=\"480\" height=\"360\" \/><\/strong><\/span><\/p>\n<p><\/span><\/h3>\n<h3><span style=\"color: #000000;\"><span style=\"color: #000000;\"> <\/span><\/p>\n<p><\/span><\/h3>\n<h3><span style=\"color: #000000;\"><span style=\"color: #000000;\"> <\/span><\/p>\n<p><\/span><\/h3>\n<p><strong> <\/strong><\/p>\n<ul>\n<li><strong>Tre<\/strong><strong>ffen war am 22. Juni 2016 ab 7:30 Uhr \u00a0Bf-H\u00f6. &#8211; Abfahrt: 8:00 Uhr<br \/>\n<\/strong>(Hattersheim plus ca.10 Min.) mit geplanter Ankunft etwa 10:30 Uhr.<\/li>\n<p><em> <\/em><\/p>\n<li><strong> <\/strong><strong>Ab 11<\/strong><strong>:00 Uhr STADTF\u00dcHRUNG FRITZLAR<\/strong> f\u00fcr ca. 1 Stunde. Zu den Besonderheiten Fritzlars z\u00e4hlt das gut erhaltene mittelalterlich gepr\u00e4gte Stadtbild mit zahlreichen Fachwerkh\u00e4usern einschlie\u00dflich der weithin intakten 2,7\u00a0km langen Stadtmauer, die den mittelalterlichen Stadtkern umringt. Das <a title=\"Rathaus\" href=\"https:\/\/de.wikipedia.org\/wiki\/Rathaus\">Rathaus<\/a> ist das \u00e4lteste urkundlich erw\u00e4hnte und noch heute als solches genutzte Amtshaus in Deutschland (1109) und zeigt ein <a title=\"Relief (Kunst)\" href=\"https:\/\/de.wikipedia.org\/wiki\/Relief_%28Kunst%29\">Steinrelief<\/a> des Schutzheiligen der Stadt <a title=\"Martin von Tours\" href=\"https:\/\/de.wikipedia.org\/wiki\/Martin_von_Tours\">St. Martin<\/a> von 1441.<\/li>\n<p><em> <\/em><\/p>\n<li><strong>Ab 12:00 Uhr MITTAGESSEN<\/strong> im Restaurant <strong>\u201eDomgarten\u201c <\/strong><strong> <\/strong><\/li>\n<p><em> <\/em><\/p>\n<li><strong>Um<\/strong> <strong>14:00 Uhr ABFAHRT zum EDERSEE<\/strong> im Naturpark Kellerwald. Der Ederstausee ist mit 11,8\u00a0km\u00b2 Wasseroberfl\u00e4che und 199,3\u00a0Mio.m\u00b3 Stauraum der fl\u00e4chenm\u00e4\u00dfig zweit- und volumenm\u00e4\u00dfig drittgr\u00f6\u00dfte <a title=\"Stausee\" href=\"https:\/\/de.wikipedia.org\/wiki\/Stausee\">Stausee<\/a> in <a title=\"Deutschland\" href=\"https:\/\/de.wikipedia.org\/wiki\/Deutschland\">Deutschland<\/a>. Er liegt am <a title=\"Fulda (Fluss)\" href=\"https:\/\/de.wikipedia.org\/wiki\/Fulda_%28Fluss%29\">Fulda<\/a>-Zufluss <a title=\"Eder\" href=\"https:\/\/de.wikipedia.org\/wiki\/Eder\">Eder<\/a> hinter der 48\u00a0m hohen Staumauer der Talsperre bei der Kernstadt von <a title=\"Waldeck (Stadt)\" href=\"https:\/\/de.wikipedia.org\/wiki\/Waldeck_%28Stadt%29\">Waldeck<\/a>, im <a title=\"Landkreis Waldeck-Frankenberg\" href=\"https:\/\/de.wikipedia.org\/wiki\/Landkreis_Waldeck-Frankenberg\">Landkreis Waldeck-Frankenberg<\/a>.<\/li>\n<\/ul>\n<div style=\"width: 490px\" class=\"wp-caption aligncenter\"><img loading=\"lazy\" decoding=\"async\" class=\"ngg-singlepic ngg-none   \" style=\"border: 2px solid black; margin: 2px;\" title=\"Fr\u00f6hliche Runde auf der &quot;EDERSEE STAR&quot;\" src=\"https:\/\/www.igbce-blogs.de\/aufgeweckte-alte\/wp-content\/gallery\/domstadt-fritzlar-edersee\/060.jpg\" alt=\"Fr\u00f6hliche Runde auf der &quot;EDERSEE STAR&quot;\" width=\"480\" height=\"360\" \/><p class=\"wp-caption-text\">Fr\u00f6hliche Runde auf der &quot;EDERSEE STAR&quot;<\/p><\/div>\n<ul>\n<li><strong>Um <\/strong>15:00 Uhr Schifffahrt auf dem Edersee mit etwa 2 Stunden Dauer<\/li>\n<p><em> <\/em><\/p>\n<li><strong>Ca.<\/strong> <strong>17:30 Uhr R\u00fcckfahrt <\/strong> <strong>H\u00f6chst<\/strong> ca. Eintreffen <strong>20:00 Uhr am \u00a0Bahnhof<\/strong><\/li>\n<\/ul>\n<p>Einen erlebnisreichen Tag hatten die \u201eAufgeweckten Alten\u201c<\/p>\n<p><em> <\/em><\/p>\n<h4><span style=\"color: #000000;\"><em>Die &#8222;Aufgeweckten Alten&#8220;<\/em><\/span><\/h4>\n<h3><span style=\"color: #000000;\"> LINK zu den FOTO&#8217;s: <a title=\"Die Domstadt FRITZLAR und dert EDERSEE\" href=\"https:\/\/www.igbce-blogs.de\/aufgeweckte-alte\/?p=6999\" target=\"_blank\">Hier klicken!!!<\/a> <em> <\/em> <span style=\"color: #000000;\"> <\/span><\/p>\n<h5 style=\"text-align: left;\"><span style=\"color: #000000;\">Zur <\/span><a title=\"2016 \u2013 Es wird spannend werden!\" href=\"https:\/\/www.igbce-blogs.de\/aufgeweckte-alte\/?page_id=6687\" target=\"_blank\">\u00dcbersicht 2016<\/a><\/h5>\n<h5 style=\"text-align: left;\"><span style=\"color: #000000;\"><span style=\"color: #000000;\">Zur<\/span> <\/span><a href=\"https:\/\/www.igbce-blogs.de\/aufgeweckte-alte\/\" target=\"_blank\">Startseite<\/a><\/h5>\n<p><\/span><\/h3>\nRelated Images:","protected":false},"excerpt":{"rendered":"<p>Kultur &amp; Natur war heute das Programm mit \u00a0der Dom- &amp; Kaiserstadt Fritzlar plus dem Edersee im Naturpark Kellerwald. Treffen war am 22. Juni 2016 ab 7:30 Uhr \u00a0Bf-H\u00f6. &#8211; Abfahrt: 8:00 Uhr (Hattersheim plus ca.10 Min.) mit geplanter Ankunft etwa 10:30 Uhr. Ab 11:00 Uhr STADTF\u00dcHRUNG FRITZLAR f\u00fcr ca. 1 Stunde. Zu den Besonderheiten [&hellip;]<\/p>\n","protected":false},"author":3,"featured_media":0,"parent":6687,"menu_order":3,"comment_status":"open","ping_status":"closed","template":"tagcloud.php","meta":{"ngg_post_thumbnail":0,"footnotes":""},"class_list":["post-6995","page","type-page","status-publish","hentry"],"_links":{"self":[{"href":"https:\/\/www.igbce-blogs.de\/aufgeweckte-alte\/index.php?rest_route=\/wp\/v2\/pages\/6995","targetHints":{"allow":["GET"]}}],"collection":[{"href":"https:\/\/www.igbce-blogs.de\/aufgeweckte-alte\/index.php?rest_route=\/wp\/v2\/pages"}],"about":[{"href":"https:\/\/www.igbce-blogs.de\/aufgeweckte-alte\/index.php?rest_route=\/wp\/v2\/types\/page"}],"author":[{"embeddable":true,"href":"https:\/\/www.igbce-blogs.de\/aufgeweckte-alte\/index.php?rest_route=\/wp\/v2\/users\/3"}],"replies":[{"embeddable":true,"href":"https:\/\/www.igbce-blogs.de\/aufgeweckte-alte\/index.php?rest_route=%2Fwp%2Fv2%2Fcomments&post=6995"}],"version-history":[{"count":45,"href":"https:\/\/www.igbce-blogs.de\/aufgeweckte-alte\/index.php?rest_route=\/wp\/v2\/pages\/6995\/revisions"}],"predecessor-version":[{"id":7069,"href":"https:\/\/www.igbce-blogs.de\/aufgeweckte-alte\/index.php?rest_route=\/wp\/v2\/pages\/6995\/revisions\/7069"}],"up":[{"embeddable":true,"href":"https:\/\/www.igbce-blogs.de\/aufgeweckte-alte\/index.php?rest_route=\/wp\/v2\/pages\/6687"}],"wp:attachment":[{"href":"https:\/\/www.igbce-blogs.de\/aufgeweckte-alte\/index.php?rest_route=%2Fwp%2Fv2%2Fmedia&parent=6995"}],"curies":[{"name":"wp","href":"https:\/\/api.w.org\/{rel}","templated":true}]}}