{"id":6003,"date":"2015-11-12T19:08:19","date_gmt":"2015-11-12T18:08:19","guid":{"rendered":"http:\/\/www.igbce-blogs.de\/aufgeweckte-alte\/?page_id=6003"},"modified":"2016-06-15T13:31:36","modified_gmt":"2016-06-15T11:31:36","slug":"adventskaffee-am-25-nov-2015-mit-vortrag","status":"publish","type":"page","link":"https:\/\/www.igbce-blogs.de\/aufgeweckte-alte\/?page_id=6003","title":{"rendered":"Adventskaffee: Vortrag Gesundheits- beratung &#038; Lebenshilfe im Alter!"},"content":{"rendered":"<h3><span style=\"color: #0000ff;\">November 2015:<\/span><span style=\"color: #000000;\"> Adventskaffee am 25.11. ab 14:00 Uhr!<br \/>\nGegen 14:30 Uhr ein Vortrag zum Thema Gesundheits-<br \/>\nberatung &amp; Lebenshilfe im Alter. Frau Claudia Ehling<br \/>\nder CARITAS erl\u00e4utert Angebote f\u00fcr \u00e4ltere Menschen.<\/span><\/h3>\n<p><strong>ngg_shortcode_0_placeholder<\/strong><\/p>\n<p><strong>Zum ADVENTSKAFFEE 2015 nach H\u00f6chst haben wir eingeladen! <\/strong><\/p>\n<p>Termin war Mittwoch, der <strong>25. November 2015 ab 14:00 Uhr<\/strong> Kath. Pfarrheim<br \/>\nSt. Josef, im Gemeindezentrum H\u00f6chst, in der Schleifergasse 2, 65929 Frankfurt.<\/p>\n<p>Liebe \u201eAufgeweckte Alte\u201c, Kolleginnen und Kollegen,<br \/>\nf\u00fcr den heutigen Nachmittag haben wir folgenden Ablauf vorgesehen.<\/p>\n<p><strong>ca. 14:30 Uhr ein Vortrag zum Thema:<br \/>\nGesundheitsberatung &amp; Lebenshilfe im Alter<\/strong><br \/>\nFrau Claudia Ehling von der CARITAS erl\u00e4utert Angebote f\u00fcr \u00e4ltere Menschen.<\/p>\n<p><strong>ngg_shortcode_1_placeholder<\/strong><\/p>\n<p>Dieses Jahr 2015 ist auch wiedermal geradeso an uns vorbeigerauscht!<br \/>\nWir kennen uns teilweise nun schon sechs Jahre im Kreis der \u201eAufgeweckten Alten\u201c.<br \/>\nWir waren auch wieder unterwegs, haben Vieles gesehen und Neues kennengelernt.<\/p>\n<p>Bei Kaffee \u2013 Kuchen \u2013 Geb\u00e4ck haben wir einem interessanten Vortrag gelauscht.<br \/>\nAnschlie\u00dfend hatten wir dann ausgiebig Gelegenheit zum Thema mit unseren<br \/>\nTischnachbarn zu diskutieren. Auch unsere gemeinsamen Erlebnisse und Aktivit\u00e4ten<br \/>\nin diesem Jahr sollten dabei die Unterhaltung beleben und nicht au\u00dfen vor bleiben.<br \/>\nEine Erinnerung-\u00dcbersicht findet Ihr auf der R\u00fcckseite dieser Einladung.<\/p>\n<p><strong>Euren Teilnahmewunsch <\/strong>sendet bitte <strong>bis Dienstag, den 16. November 2015<\/strong><br \/>\nzur\u00fcck, damit wir diesen Nachmittag entsprechend vorbereiten und gestalten k\u00f6nnen.<\/p>\n<p>Wir freuen uns auf Euch in gem\u00fctlicher Runde<br \/>\ndie &#8222;Aufgeweckten Alten&#8220;.<\/p>\n<h3><em><span style=\"color: #000000;\">LINK zum VORTRAG:<\/span><br \/>\n<span style=\"color: #000000;\"><a title=\"Claudia Ehling CARITAS Vortrag zum Thema Gesundheitsberatung &amp; Lebenshilfe im Alter\" href=\"http:\/\/www.igbce-blogs.de:80\/aufgeweckte-alte\/wp-content\/uploads\/\/2016\/06\/Vortrag-Claudia-Ehling-CARITAS-H\u00f6chst-am-25.11.2015.pptx\" target=\"_blank\">Claudia Ehling CARITAS Vortrag zum Thema Gesundheitsberatung &amp; Lebenshilfe im Alter!<\/a><\/span><\/em><\/h3>\n<h3><em><span style=\"color: #000000;\">LINK zur <\/span><a title=\"ANSCHAUUNGSHILFE - PPOINTVIEWER zum Herunterladen und Installieren! \" href=\"http:\/\/www.microsoft.com\/de-de\/download\/details.aspx?id=13\" target=\"_blank\">ANSCHAUUNGSHILFE &#8211; PPOINTVIEWER (kostenlos) zum Herunterladen und Installieren! <\/a><\/em><\/h3>\n<p><span style=\"color: #000000;\"> <\/span><\/p>\n<h3><em><span style=\"color: #000000;\">LINK zu den FOTO\u2019s: <\/span><a title=\"Adventskaffee: Vortrag Gesundheitsberatung &amp; Lebenshilfe im Alter!\" href=\"https:\/\/www.igbce-blogs.de\/aufgeweckte-alte\/?p=6660\" target=\"_blank\">Hier klicken!!!<\/a><\/em><em><br \/>\n<\/em><\/h3>\n<h5><span style=\"color: #000000;\"><span style=\"color: #000000;\">Zur<\/span> <\/span><a href=\"https:\/\/www.igbce-blogs.de\/aufgeweckte-alte\/?page_id=5672\">\u00dcbersicht 2015<\/a><\/h5>\n<h5><span style=\"color: #000000;\">Zur <\/span><a href=\"https:\/\/www.igbce-blogs.de\/aufgeweckte-alte\/\" target=\"_blank\">Startseite<\/a><\/h5>\nRelated Images:","protected":false},"excerpt":{"rendered":"<p>November 2015: Adventskaffee am 25.11. ab 14:00 Uhr! Gegen 14:30 Uhr ein Vortrag zum Thema Gesundheits- beratung &amp; Lebenshilfe im Alter. Frau Claudia Ehling der CARITAS erl\u00e4utert Angebote f\u00fcr \u00e4ltere Menschen. Zum ADVENTSKAFFEE 2015 nach H\u00f6chst haben wir eingeladen! Termin war Mittwoch, der 25. November 2015 ab 14:00 Uhr Kath. Pfarrheim St. Josef, im Gemeindezentrum [&hellip;]<\/p>\n","protected":false},"author":3,"featured_media":0,"parent":5672,"menu_order":9,"comment_status":"open","ping_status":"closed","template":"tagcloud.php","meta":{"ngg_post_thumbnail":0,"footnotes":""},"class_list":["post-6003","page","type-page","status-publish","hentry"],"_links":{"self":[{"href":"https:\/\/www.igbce-blogs.de\/aufgeweckte-alte\/index.php?rest_route=\/wp\/v2\/pages\/6003","targetHints":{"allow":["GET"]}}],"collection":[{"href":"https:\/\/www.igbce-blogs.de\/aufgeweckte-alte\/index.php?rest_route=\/wp\/v2\/pages"}],"about":[{"href":"https:\/\/www.igbce-blogs.de\/aufgeweckte-alte\/index.php?rest_route=\/wp\/v2\/types\/page"}],"author":[{"embeddable":true,"href":"https:\/\/www.igbce-blogs.de\/aufgeweckte-alte\/index.php?rest_route=\/wp\/v2\/users\/3"}],"replies":[{"embeddable":true,"href":"https:\/\/www.igbce-blogs.de\/aufgeweckte-alte\/index.php?rest_route=%2Fwp%2Fv2%2Fcomments&post=6003"}],"version-history":[{"count":29,"href":"https:\/\/www.igbce-blogs.de\/aufgeweckte-alte\/index.php?rest_route=\/wp\/v2\/pages\/6003\/revisions"}],"predecessor-version":[{"id":6642,"href":"https:\/\/www.igbce-blogs.de\/aufgeweckte-alte\/index.php?rest_route=\/wp\/v2\/pages\/6003\/revisions\/6642"}],"up":[{"embeddable":true,"href":"https:\/\/www.igbce-blogs.de\/aufgeweckte-alte\/index.php?rest_route=\/wp\/v2\/pages\/5672"}],"wp:attachment":[{"href":"https:\/\/www.igbce-blogs.de\/aufgeweckte-alte\/index.php?rest_route=%2Fwp%2Fv2%2Fmedia&parent=6003"}],"curies":[{"name":"wp","href":"https:\/\/api.w.org\/{rel}","templated":true}]}}