{"id":5070,"date":"2014-08-21T14:37:26","date_gmt":"2014-08-21T13:37:26","guid":{"rendered":"http:\/\/www.igbce-blogs.de\/aufgeweckte-alte\/?page_id=5070"},"modified":"2015-02-26T13:03:13","modified_gmt":"2015-02-26T12:03:13","slug":"wacker%e2%80%99s-kaffee-rosterei-frankfurt","status":"publish","type":"page","link":"https:\/\/www.igbce-blogs.de\/aufgeweckte-alte\/?page_id=5070","title":{"rendered":"Wacker\u2019s Kaffee-R\u00f6sterei Frankfurt"},"content":{"rendered":"<h3 style=\"text-align: left;\"><span style=\"text-decoration: underline;\"><span style=\"color: #800000;\">F\u00fchrung in Kaffee-R\u00f6sterei Wacker\u00b4s GmbH Frankfurt<br \/>\n<\/span><\/span><\/h3>\n<h5 style=\"text-align: left;\"><span style=\"color: #000000;\">ngg_shortcode_0_placeholder<\/span><\/h5>\n<p><span style=\"color: #000000;\"> <\/span><\/p>\n<h5 style=\"text-align: left;\"><span style=\"color: #000000;\">Mittwochnachmittags nehmen wir uns gerne Zeit f\u00fcr Sie In unserer R\u00f6sterei werden t\u00e4glich die erlesensten Kaffeesorten im traditionellen Langzeitr\u00f6stverfahren ger\u00f6stet. Wie schon sein Gro\u00dfvater Jakob Slutzky legt auch Hans Z\u00fclch gr\u00f6\u00dften Wert auf h\u00f6chste Qualit\u00e4t. Traditionell beziehen wir unseren Rohkaffee von den gleichen ausgew\u00e4hlten Kaffeeplantagen wie einst Luise Wacker und einen gewissen Hauch dieser Nostalgie des letzten Jahrhunderts ist noch heute in der Salzschlirfer Stra\u00dfe sp\u00fcrbar.<\/span><\/h5>\n<p><span style=\"color: #000000;\"> <\/span><\/p>\n<h5 style=\"text-align: left;\"><span style=\"color: #000000;\">ngg_shortcode_1_placeholder<br \/>\n<\/span> <span style=\"color: #000000;\"> <\/span><\/h5>\n<p><span style=\"color: #000000;\"> <\/span><\/p>\n<h5 style=\"text-align: left;\"><span style=\"color: #000000;\">Die gro\u00dfz\u00fcgigen R\u00e4umlichkeiten der R\u00f6sterei bieten die M\u00f6glichkeit f\u00fcr F\u00fchrungen und Kaffeeseminare. Aus diesem Grund freuen wir uns, wenn wir Interessierte f\u00fcr unsere Sichtweise \u00fcber Kaffee und den speziellen Reiz des handwerklichen R\u00f6stens sensibilisieren k\u00f6nnen. Deswegen nehmen wir uns gerne Zeit, Sie mit Kaffeeverk\u00f6stigung durch unsere R\u00f6sterei zu f\u00fchren.<\/span><\/h5>\n<p><span style=\"color: #000000;\"> <\/span><\/p>\n<h5 style=\"text-align: left;\"><span style=\"color: #000000;\"><span style=\"color: #000000;\">In der Regel nehmen wir uns gerne Mittwochnachmittags Zeit (ab 16.00 Uhr) f\u00fcr Sie. Die F\u00fchrung mit Verk\u00f6stigung dauert ungef\u00e4hr 2,5 Stunden. Anmeldungen nehmen wir ab 20 Personen entgegen.<\/span><\/span><\/h5>\n<h5 style=\"text-align: left;\"><span style=\"color: #000000;\">Viel Spa\u00df beim Lesen &#8211; Kontakt:<br \/>\nWacker\u00b4s Kaffee-R\u00f6sterei GmbH<br \/>\n<span style=\"color: #000000;\">Salzschlirfer Stra\u00dfe 14, 60386 Frankfurt<\/span><\/span><span style=\"color: #000000;\"><br \/>\nTelefon:<\/span> <span id=\"skype_c2c_container\" class=\"skype_c2c_container notranslate\" dir=\"ltr\" onclick=\"SkypeClick2Call.MenuInjectionHandler.makeCall(this, event)\" onmouseover=\"SkypeClick2Call.MenuInjectionHandler.showMenu(this, event)\" onmouseout=\"SkypeClick2Call.MenuInjectionHandler.hideMenu(this, event)\"><span class=\"skype_c2c_highlighting_inactive_common\" dir=\"ltr\"><span id=\"non_free_num_ui\" class=\"skype_c2c_textarea_span\"><img loading=\"lazy\" decoding=\"async\" class=\"skype_c2c_logo_img\" src=\"resource:\/\/skype_ff_extension-at-jetpack\/skype_ff_extension\/data\/call_skype_logo.png\" alt=\"\" width=\"0\" height=\"0\" \/><span class=\"skype_c2c_text_span\">069 &#8211; 42 69 44 80<\/span><\/span><\/span><\/span><br \/>\n<span style=\"color: #000000;\">Telefax: 069 &#8211; 42 69 44 81<\/span><\/h5>\n<h5 style=\"text-align: left;\"><span style=\"color: #000000;\"><\/p>\n<p>********************************************************************************************<\/p>\n<p><\/span><\/h5>\n<p>Am am 18.06. und 25.06.2014 trafen sich die &#8222;Aufgeweckten Alten&#8220; in Gruppen zu je 30 Personen zu einer Besichtigung der Kaffeer\u00f6sterei Wacker in Frankfurt-Fechenheim.<\/p>\n<p style=\"text-align: left;\"><span style=\"color: #000000;\">Nach dem Willkommen um 16:00 Uhr, fanden wir uns in einem mit verschiedenen neuen und alten Kaffeemaschinen ausgestatteten Empfangsraum ein. Dort wurden wir von Herrn Gerner, der auch selbst die F\u00fchrung leitete und uns am Ende eines detailierten Vortrages, zum Werden eines guten Kaffee&#8217;s, noch einen Orig.-R\u00f6stvorgang vorf\u00fchrte, mit Kaffee, Kuchen und Mineralwasser empfangen. <\/span><\/p>\n<p style=\"text-align: left;\"><span style=\"color: #000000;\">ngg_shortcode_2_placeholder<\/span><\/p>\n<p style=\"text-align: left;\"><span style=\"color: #000000;\">Herr Gerner er\u00f6ffnete die F\u00fchrung mit einem Vortrag zur Geschichte des Hauses Wacker, welches seit 1914, zun\u00e4chst als Feinkostladen, sp\u00e4ter dann als Kaffeehaus mit eigener R\u00f6sterei, in Frankfurt ans\u00e4ssig ist. Das bekannteste Wacker\u2019s Kaffee-Gesch\u00e4ft, das Stammhaus, befindet sich am Kornmarkt 9 in Frankfurt. In den Kaffeeh\u00e4usern von Wacker werden bis zu 40 verschiedene Sorten Kaffee angeboten, darunter auch 3-4 Sorten die \u201efair gehandelt\u201c werden.<\/span><\/p>\n<p style=\"text-align: left;\">\n<p style=\"text-align: left;\"><span style=\"color: #000000;\">ngg_shortcode_3_placeholder<\/span><\/p>\n<p style=\"text-align: left;\"><span style=\"color: #000000;\">Nach diesem kurzen Portr\u00e4t der Firma Wacker, die bereits in der dritten Generation t\u00e4tig ist, kam Herr Gerner dann auf die Geschichte des Kaffees, die Ernte, Trocknung usw. zu sprechen, indem er uns hierzu sehr anschauliche Dias zeigte. <\/span><\/p>\n<p style=\"text-align: left;\"><span style=\"color: #000000;\">ngg_shortcode_4_placeholder<br \/>\n<\/span><\/p>\n<p><span style=\"color: #000000;\">Der R\u00f6stvorgang selbst dauert etwa 15-20 Minuten bei einer Temperatur um 200 C\u00b0. Nach dem \u201eAufknacken\u201c der Bohnen und dem Erreichen der gew\u00fcnschten R\u00f6stfarbe wird der Kaffee sofort im K\u00fchlsieb abgek\u00fchlt und anschlie\u00dfend verpackt. So kommt er t\u00e4glich frisch in die Gesch\u00e4fte. Nach dieser sehr ausf\u00fchrlichen und f\u00fcr uns alle hoch interessanten Pr\u00e4sentation bedankten wir uns sehr herzlich bei Herrn Gerner. Er \u00fcbereichte jedem von uns zum Abschied ein 250 g P\u00e4ckchen Hochland-Arabica-Kaffee zum k\u00f6stlichen Genuss zu Hause! Ein sehr interessanter Nachmittag mit vielen neuen Eindr\u00fccken fand sein Ende. <\/span><\/p>\n<h4><span style=\"color: #000000;\">Hier den Text klicken!<\/span><br \/>\n<a title=\"LINK zu den Fotop's bewi WACKER's Kaffee!\" href=\"https:\/\/www.igbce-blogs.de\/aufgeweckte-alte\/?p=5059\" target=\"_blank\"><span style=\"color: #000000;\">LINK <\/span>zu allen Bildern dieses sch\u00f6nen Tages!<\/a><\/h4>\n<p><span style=\"color: #000000;\"> <\/span><\/p>\n<p><span style=\"color: #000000;\"><span class=\"skype_c2c_print_container notranslate\">069 &#8211; 42 69 44 80<\/span><\/span><\/p>\n<h5 style=\"text-align: left;\"><span style=\"color: #000000;\"><\/p>\n<p><span style=\"color: #000000;\"> <\/span><\/p>\n<p><\/span><\/h5>\n<h5 style=\"text-align: left;\"><span style=\"color: #000000;\"><span style=\"color: #000000;\">Zur<\/span> <\/span><a href=\"https:\/\/www.igbce-blogs.de\/aufgeweckte-alte\/?page_id=130\">Startseite<\/a><\/h5>\n<div id=\"skype_c2c_menu_container\" class=\"skype_c2c_menu_container notranslate\" style=\"display: none;\" onmouseover=\"SkypeClick2Call.MenuInjectionHandler.showMenu(this, event)\" onmouseout=\"SkypeClick2Call.MenuInjectionHandler.hideMenu(this, event)\">\n<div class=\"skype_c2c_menu_click2call\"><a id=\"skype_c2c_menu_click2call_action\" class=\"skype_c2c_menu_click2call_action\" target=\"_self\">Call<\/a><\/div>\n<div class=\"skype_c2c_menu_click2sms\"><a id=\"skype_c2c_menu_click2sms_action\" class=\"skype_c2c_menu_click2sms_action\" target=\"_self\">Send SMS<\/a><\/div>\n<div class=\"skype_c2c_menu_add2skype\"><a id=\"skype_c2c_menu_add2skype_text\" class=\"skype_c2c_menu_add2skype_text\" target=\"_self\">Add to Skype<\/a><\/div>\n<div class=\"skype_c2c_menu_toll_info\"><span class=\"skype_c2c_menu_toll_callcredit\">You&#8217;ll need Skype Credit<\/span><span class=\"skype_c2c_menu_toll_free\">Free via Skype<\/span><\/div>\n<\/div>\nRelated Images:","protected":false},"excerpt":{"rendered":"<p>F\u00fchrung in Kaffee-R\u00f6sterei Wacker\u00b4s GmbH Frankfurt Mittwochnachmittags nehmen wir uns gerne Zeit f\u00fcr Sie In unserer R\u00f6sterei werden t\u00e4glich die erlesensten Kaffeesorten im traditionellen Langzeitr\u00f6stverfahren ger\u00f6stet. Wie schon sein Gro\u00dfvater Jakob Slutzky legt auch Hans Z\u00fclch gr\u00f6\u00dften Wert auf h\u00f6chste Qualit\u00e4t. Traditionell beziehen wir unseren Rohkaffee von den gleichen ausgew\u00e4hlten Kaffeeplantagen wie einst Luise Wacker [&hellip;]<\/p>\n","protected":false},"author":3,"featured_media":0,"parent":5283,"menu_order":3,"comment_status":"open","ping_status":"closed","template":"tagcloud.php","meta":{"ngg_post_thumbnail":0,"footnotes":""},"class_list":["post-5070","page","type-page","status-publish","hentry"],"_links":{"self":[{"href":"https:\/\/www.igbce-blogs.de\/aufgeweckte-alte\/index.php?rest_route=\/wp\/v2\/pages\/5070","targetHints":{"allow":["GET"]}}],"collection":[{"href":"https:\/\/www.igbce-blogs.de\/aufgeweckte-alte\/index.php?rest_route=\/wp\/v2\/pages"}],"about":[{"href":"https:\/\/www.igbce-blogs.de\/aufgeweckte-alte\/index.php?rest_route=\/wp\/v2\/types\/page"}],"author":[{"embeddable":true,"href":"https:\/\/www.igbce-blogs.de\/aufgeweckte-alte\/index.php?rest_route=\/wp\/v2\/users\/3"}],"replies":[{"embeddable":true,"href":"https:\/\/www.igbce-blogs.de\/aufgeweckte-alte\/index.php?rest_route=%2Fwp%2Fv2%2Fcomments&post=5070"}],"version-history":[{"count":47,"href":"https:\/\/www.igbce-blogs.de\/aufgeweckte-alte\/index.php?rest_route=\/wp\/v2\/pages\/5070\/revisions"}],"predecessor-version":[{"id":5219,"href":"https:\/\/www.igbce-blogs.de\/aufgeweckte-alte\/index.php?rest_route=\/wp\/v2\/pages\/5070\/revisions\/5219"}],"up":[{"embeddable":true,"href":"https:\/\/www.igbce-blogs.de\/aufgeweckte-alte\/index.php?rest_route=\/wp\/v2\/pages\/5283"}],"wp:attachment":[{"href":"https:\/\/www.igbce-blogs.de\/aufgeweckte-alte\/index.php?rest_route=%2Fwp%2Fv2%2Fmedia&parent=5070"}],"curies":[{"name":"wp","href":"https:\/\/api.w.org\/{rel}","templated":true}]}}

Wacker’s Kaffee-Rösterei Frankfurt

<h3 style="text-align: left;"><span style="text-decoration: underline;"><span style="color: #800000;">Führung in Kaffee-Rösterei Wacker´s GmbH Frankfurt<br />
</span></span></h3>
<h5 style="text-align: left;"><span style="color: #000000;">ngg_shortcode_0_placeholder</span></h5>
<p><span style="color: #000000;"> </span></p>
<h5 style="text-align: left;"><span style="color: #000000;">Mittwochnachmittags nehmen wir uns gerne Zeit für Sie In unserer Rösterei werden täglich die erlesensten Kaffeesorten im traditionellen Langzeitröstverfahren geröstet. Wie schon sein Großvater Jakob Slutzky legt auch Hans Zülch größten Wert auf höchste Qualität. Traditionell beziehen wir unseren Rohkaffee von den gleichen ausgewählten Kaffeeplantagen wie einst Luise Wacker und einen gewissen Hauch dieser Nostalgie des letzten Jahrhunderts ist noch heute in der Salzschlirfer Straße spürbar.</span></h5>
<p><span style="color: #000000;"> </span></p>
<h5 style="text-align: left;"><span style="color: #000000;">ngg_shortcode_1_placeholder<br />
</span> <span style="color: #000000;"> </span></h5>
<p><span style="color: #000000;"> </span></p>
<h5 style="text-align: left;"><span style="color: #000000;">Die großzügigen Räumlichkeiten der Rösterei bieten die Möglichkeit für Führungen und Kaffeeseminare. Aus diesem Grund freuen wir uns, wenn wir Interessierte für unsere Sichtweise über Kaffee und den speziellen Reiz des handwerklichen Röstens sensibilisieren können. Deswegen nehmen wir uns gerne Zeit, Sie mit Kaffeeverköstigung durch unsere Rösterei zu führen.</span></h5>
<p><span style="color: #000000;"> </span></p>
<h5 style="text-align: left;"><span style="color: #000000;"><span style="color: #000000;">In der Regel nehmen wir uns gerne Mittwochnachmittags Zeit (ab 16.00 Uhr) für Sie. Die Führung mit Verköstigung dauert ungefähr 2,5 Stunden. Anmeldungen nehmen wir ab 20 Personen entgegen.</span></span></h5>
<h5 style="text-align: left;"><span style="color: #000000;">Viel Spaß beim Lesen &#8211; Kontakt:<br />
Wacker´s Kaffee-Rösterei GmbH<br />
<span style="color: #000000;">Salzschlirfer Straße 14, 60386 Frankfurt</span></span><span style="color: #000000;"><br />
Telefon:</span> <span id="skype_c2c_container" class="skype_c2c_container notranslate" dir="ltr" onclick="SkypeClick2Call.MenuInjectionHandler.makeCall(this, event)" onmouseover="SkypeClick2Call.MenuInjectionHandler.showMenu(this, event)" onmouseout="SkypeClick2Call.MenuInjectionHandler.hideMenu(this, event)"><span class="skype_c2c_highlighting_inactive_common" dir="ltr"><span id="non_free_num_ui" class="skype_c2c_textarea_span"><img loading="lazy" decoding="async" class="skype_c2c_logo_img" src="resource://skype_ff_extension-at-jetpack/skype_ff_extension/data/call_skype_logo.png" alt="" width="0" height="0" /><span class="skype_c2c_text_span">069 &#8211; 42 69 44 80</span></span></span></span><br />
<span style="color: #000000;">Telefax: 069 &#8211; 42 69 44 81</span></h5>
<h5 style="text-align: left;"><span style="color: #000000;"></p>
<p>********************************************************************************************</p>
<p></span></h5>
<p>Am am 18.06. und 25.06.2014 trafen sich die &#8222;Aufgeweckten Alten&#8220; in Gruppen zu je 30 Personen zu einer Besichtigung der Kaffeerösterei Wacker in Frankfurt-Fechenheim.</p>
<p style="text-align: left;"><span style="color: #000000;">Nach dem Willkommen um 16:00 Uhr, fanden wir uns in einem mit verschiedenen neuen und alten Kaffeemaschinen ausgestatteten Empfangsraum ein. Dort wurden wir von Herrn Gerner, der auch selbst die Führung leitete und uns am Ende eines detailierten Vortrages, zum Werden eines guten Kaffee&#8217;s, noch einen Orig.-Röstvorgang vorführte, mit Kaffee, Kuchen und Mineralwasser empfangen. </span></p>
<p style="text-align: left;"><span style="color: #000000;">ngg_shortcode_2_placeholder</span></p>
<p style="text-align: left;"><span style="color: #000000;">Herr Gerner eröffnete die Führung mit einem Vortrag zur Geschichte des Hauses Wacker, welches seit 1914, zunächst als Feinkostladen, später dann als Kaffeehaus mit eigener Rösterei, in Frankfurt ansässig ist. Das bekannteste Wacker’s Kaffee-Geschäft, das Stammhaus, befindet sich am Kornmarkt 9 in Frankfurt. In den Kaffeehäusern von Wacker werden bis zu 40 verschiedene Sorten Kaffee angeboten, darunter auch 3-4 Sorten die „fair gehandelt“ werden.</span></p>
<p style="text-align: left;">
<p style="text-align: left;"><span style="color: #000000;">ngg_shortcode_3_placeholder</span></p>
<p style="text-align: left;"><span style="color: #000000;">Nach diesem kurzen Porträt der Firma Wacker, die bereits in der dritten Generation tätig ist, kam Herr Gerner dann auf die Geschichte des Kaffees, die Ernte, Trocknung usw. zu sprechen, indem er uns hierzu sehr anschauliche Dias zeigte. </span></p>
<p style="text-align: left;"><span style="color: #000000;">ngg_shortcode_4_placeholder<br />
</span></p>
<p><span style="color: #000000;">Der Röstvorgang selbst dauert etwa 15-20 Minuten bei einer Temperatur um 200 C°. Nach dem „Aufknacken“ der Bohnen und dem Erreichen der gewünschten Röstfarbe wird der Kaffee sofort im Kühlsieb abgekühlt und anschließend verpackt. So kommt er täglich frisch in die Geschäfte. Nach dieser sehr ausführlichen und für uns alle hoch interessanten Präsentation bedankten wir uns sehr herzlich bei Herrn Gerner. Er übereichte jedem von uns zum Abschied ein 250 g Päckchen Hochland-Arabica-Kaffee zum köstlichen Genuss zu Hause! Ein sehr interessanter Nachmittag mit vielen neuen Eindrücken fand sein Ende. </span></p>
<h4><span style="color: #000000;">Hier den Text klicken!</span><br />
<a title="LINK zu den Fotop's bewi WACKER's Kaffee!" href="https://www.igbce-blogs.de/aufgeweckte-alte/?p=5059" target="_blank"><span style="color: #000000;">LINK </span>zu allen Bildern dieses schönen Tages!</a></h4>
<p><span style="color: #000000;"> </span></p>
<p><span style="color: #000000;"><span class="skype_c2c_print_container notranslate">069 &#8211; 42 69 44 80</span></span></p>
<h5 style="text-align: left;"><span style="color: #000000;"></p>
<p><span style="color: #000000;"> </span></p>
<p></span></h5>
<h5 style="text-align: left;"><span style="color: #000000;"><span style="color: #000000;">Zur</span> </span><a href="https://www.igbce-blogs.de/aufgeweckte-alte/?page_id=130">Startseite</a></h5>
<div id="skype_c2c_menu_container" class="skype_c2c_menu_container notranslate" style="display: none;" onmouseover="SkypeClick2Call.MenuInjectionHandler.showMenu(this, event)" onmouseout="SkypeClick2Call.MenuInjectionHandler.hideMenu(this, event)">
<div class="skype_c2c_menu_click2call"><a id="skype_c2c_menu_click2call_action" class="skype_c2c_menu_click2call_action" target="_self">Call</a></div>
<div class="skype_c2c_menu_click2sms"><a id="skype_c2c_menu_click2sms_action" class="skype_c2c_menu_click2sms_action" target="_self">Send SMS</a></div>
<div class="skype_c2c_menu_add2skype"><a id="skype_c2c_menu_add2skype_text" class="skype_c2c_menu_add2skype_text" target="_self">Add to Skype</a></div>
<div class="skype_c2c_menu_toll_info"><span class="skype_c2c_menu_toll_callcredit">You&#8217;ll need Skype Credit</span><span class="skype_c2c_menu_toll_free">Free via Skype</span></div>
</div>
Related Images:

<p>Führung in Kaffee-Rösterei Wacker´s GmbH Frankfurt Mittwochnachmittags nehmen wir uns gerne Zeit für Sie In unserer Rösterei werden täglich die erlesensten Kaffeesorten im traditionellen Langzeitröstverfahren geröstet. Wie schon sein Großvater Jakob Slutzky legt auch Hans Zülch größten Wert auf höchste Qualität. Traditionell beziehen wir unseren Rohkaffee von den gleichen ausgewählten Kaffeeplantagen wie einst Luise Wacker [&hellip;]</p>
