{"id":3909,"date":"2013-05-21T19:33:35","date_gmt":"2013-05-21T18:33:35","guid":{"rendered":"http:\/\/www.igbce-blogs.de\/aufgeweckte-alte\/?page_id=3909"},"modified":"2014-01-29T16:53:24","modified_gmt":"2014-01-29T15:53:24","slug":"wetterpark-offenbach-und-ledermuseum-2013","status":"publish","type":"page","link":"https:\/\/www.igbce-blogs.de\/aufgeweckte-alte\/?page_id=3909","title":{"rendered":"Wetterpark &#038; Ledermuseum 2013"},"content":{"rendered":"<h3><span style=\"color: #000080;\">ngg_shortcode_0_placeholder<\/span><\/h3>\n<h4><span style=\"color: #000080;\"><strong>LINK: <\/strong><\/span><strong><a title=\"LINK: Unsere Eindr\u00fccke mit den Foto's dazu! \" href=\"https:\/\/www.igbce-blogs.de\/aufgeweckte-alte\/?p=3922\" target=\"_blank\">Unsere Eindr\u00fccke mit den sch\u00f6nsten Fotos dazu!<\/a><\/strong><\/h4>\n<p><span style=\"color: #000080;\"> <\/span><\/p>\n<h4><em><span style=\"color: #0000cc;\"> Zwei ganz &#8222;Ausgeschlafene M\u00e4dels&#8220; unserer Truppe,<br \/>\nwollten noch extra schnell Offenbach kennenlernen,<br \/>\nbevor sie dann endlich im Wetterpark zu uns stie\u00dfen!<\/span><span style=\"color: #800080;\"><span style=\"color: #000000;\"> <\/span><\/span><\/em><em><span style=\"color: #800080;\"><span style=\"color: #000000;\"> <\/span><\/span><\/em><em><span style=\"color: #800080;\"><span style=\"color: #000000;\"><br \/>\n<\/span><\/span><\/em><\/h4>\n<address><em><span style=\"color: #800080;\"><span style=\"color: #000000;\"> <strong><\/p>\n<p style=\"text-align: center;\">\n<p><\/strong><\/span><\/span><\/em><em><strong> <\/strong><\/em><em><strong> <\/strong><\/em><em><strong> <\/strong><\/em><em><strong> <\/strong><\/em><em><strong> <\/strong><\/em><em><strong> <\/strong><\/em><em><strong> <\/strong><\/em><em><strong> <\/strong><\/em><em><strong> <\/strong><\/em><em><strong> <\/strong><\/em><em><strong> <\/strong><\/em><em><strong> <\/strong><\/em><em><strong> <\/strong><\/em><em><strong> <\/strong><\/em><em><strong> <\/strong><\/em><em><strong> <\/strong><\/em><em><strong> <\/strong><\/em><em><strong> <\/strong><\/em><em><strong> <\/strong><\/em><em><strong>( Ein Bericht von Doris Herrmann )<\/strong><\/em><\/p>\n<\/address>\n<p>Am 18. April traf sich dir Gruppe der flotten \u201eAufgeweckten Alten\u201c zu einem Ausflug<br \/>\nnach Offenbach. Treffpunkt war wie immer am Bahnhof in H\u00f6chst, diesmal um 9 Uhr,<br \/>\num dann gemeinsam nach Offenbach zu fahren.<\/p>\n<p>Hurra! Was hatten wir Bornheimer f\u00fcr ein Gl\u00fcck, denn von Bornheim-Mitte ist es ein \u201eKatzensprung\u201c mit dem Bus 103 \u2013 umsteigen am Kaiserlei in den Bus 104, und nach<br \/>\ndrei Stationen waren wir schon am Wetteramt. Dadurch konnten wir \u2013 beide keine leiden-schaftlichen Fr\u00fchaufsteher &#8211; eineinhalb Stunden l\u00e4nger schlafen als die armen H\u00f6chster.<br \/>\nWir freuten uns, dass wir so fr\u00fch dort waren und im Freien Kaffee gem\u00fctlich Kaffee trinken konnten, denn wir waren als Erste da. Es sollten im Wetterpark \u201eph\u00e4nomenale Vorf\u00fchrungen\u201c stattfinden. Wir glaubten das sei so etwas wie ein Planetarium.<\/p>\n<p>Wir warteten und warteten, aber um halb elf zur F\u00fchrung war immer noch keiner von der Gruppe da. Ein Mann mit Fahrrad fragte uns, wann und wo die Veranstaltung beginnen w\u00fcrde, er wolle auch dahin. Also fragten wir an der Rezeption nach.<\/p>\n<p>Antwort: \u201eJa, wenn Sie zum <strong>Wetterpark<\/strong> wollen sind Sie hier verkehrt! Sie sind im <strong>Wetteramt\u201c<\/strong>. Erst jetzt erfuhren wir, dass der Wetterpark am entgegengesetzten Ende von Offenbach ist und dass es sind um zwei vollkommen verschiedene Einrichtungen handelt.<\/p>\n<p>Auf unsere Bitte dort anzurufen sagte man uns, das sei nicht m\u00f6glich. Warum, das wurde uns sp\u00e4ter klar. Der Mann mit dem Fahrrad fuhr los zum Wetterpark mit unserer Bitte, dort unserer Gruppe Bescheid zu sagen, dass wir <strong>\u201eetwas\u201c<\/strong> sp\u00e4ter kommen w\u00fcrden.<\/p>\n<p>Wir erhielten an der Rezeption die Erkl\u00e4rung: \u201eFahren Sie mit dem Bus Nr. soundsoviel bis zum Marktplatz, auf der gegen\u00fcberliegenden Stra\u00dfenseite in entgegengesetzter Richtung dann mit Bus Nr. soundsoviel in die andere Richtung nach dem Vorort XY, dort bis zur Endstation , dann gehen Sie\u2026 usw,-usw&#8230; Dort sehen Sie dann schon, wenn Sie einen Waldweg entlang gegangen sind, den Park. So, das war\u2019s erstmal.<\/p>\n<p>Wir machten uns auf den Weg, mussten \u00fcber eine Baustelle klettern, um die wegen der Baut\u00e4tigkeit verlegte Haltestelle zu finden. Na, das klappte alles ganz gut. Warten \u2013 fahren \u2013 wieder warten \u2013 wieder fahren bis zum anderen Ende von Offenbach. Vorsichtshalber fragten wir den Busfahrer nach der Endstation. Mit der deutschen Sprache hatte er es wohl nicht so. Seine Antwort: <strong>\u201eBus anhalten, T\u00fcr auf, raus, Endstation\u201c.<\/strong> Da standen wir also im freien Gel\u00e4nde, konnten dort in einer Schule nach dem Weg zum Wetterpark fragen.<\/p>\n<p>Jetzt war uns restlos klar, dass wir etwas falsch verstanden hatten. Gegen halb-zw\u00f6lf kamen wir dann endlich im Wetterpark an. Wir erreichten eine der beiden Gruppen, konnten noch die letzte Station miterleben, auf der Luftdruck, Temperatur, Windgeschwindigkeit usw. anhand der aufgestellten Ger\u00e4te erkl\u00e4rt wurden.<\/p>\n<p><em><strong>Hurra, hurra, jetzt ging es zum Mittagessen.<\/strong><\/em><\/p>\n<p><em> <\/em><\/p>\n<p><em><strong>WOHIN WOHL? NAT\u00dcRLICH ZUM WETTERAMT;<br \/>\nVON WO WIR VOR CIRCA EINEINHALB STUNDEN LOSGEFAHREN WAREN!!!<\/strong><\/em><\/p>\n<p>Also zur\u00fcck marsch, marsch! Wir konnten jetzt genau sagen wie wir zu fahren hatten,<br \/>\ndenn bei unserer Stadtrundfahrt hatten wir ja Offenbach per Bus ausreichend kennengelernt.<\/p>\n<p>Das Mittagessen schmeckte gut, nach einer Pause ging es dann zum Ledermuseum.<br \/>\nWir wurden von einer Dame gut gef\u00fchrt, sahen sch\u00f6ne Dinge, erhielten viele Erkl\u00e4rungen<br \/>\nund sahen interessante Besonderheiten. Unsere Entt\u00e4uschung, die \u201eph\u00e4nomenalen\u201c Vorf\u00fchrungen verpasst zu haben, hielt sich in Grenzen.<\/p>\n<p>Jedoch reifte der Entschluss, unbedingt das Ledermuseum zu nochmal besuchen<br \/>\nund sich mit viel Zeit alles in Ruhe noch einmal anzuschauen.<\/p>\n<h5><span style=\"color: #000080;\">###################################################<\/span><\/h5>\n<p><span style=\"color: #000080;\"> <\/span><\/p>\n<h5><span style=\"color: #000080;\"><em><strong>Einige Anmerkungen zum Wetterpark Offenbach<\/strong><strong> von Hans!<\/strong><\/em><\/span><\/h5>\n<p>Ein strahlender Sonnentag brachte die interessierte Gruppe der &#8222;Aufgeweckten Alten&#8220;<br \/>\nam Wetterpark in Offenbach zusammen. Zwei wissensreiche Meteorologen sprachen<br \/>\nsehr plastisch die teilweise bekannten, \u00fcberwiegend aber neueren Erkenntnisse<br \/>\nder Wetterkunde an.<\/p>\n<p>Mit guter F\u00fchrung ging es langsam durch den Wetterpark, der \u00e4u\u00dferlich nicht auff\u00e4llt,<br \/>\nja eher unauff\u00e4llig in der Landschaft herumliegt. Aber sein wahres Wesen allerdings<br \/>\ndem &#8222;Forschenden Zuh\u00f6ren&#8220; erschlie\u00dft. Eine pers\u00f6nliche Nachlese vor Ort<br \/>\nund im Internet scheint angeraten.<\/p>\n<p>Dieser Tag in der  Gemeinschaft war gut und weitere Aktivit\u00e4ten f\u00f6rdern die sich<br \/>\nlangsam aufbauende, innere Gruppenstruktur der IGBCE-Senioren in Rhein-Main.<\/p>\n<h4><span style=\"color: #800080;\"> <\/span><\/h4>\n<p style=\"text-align: center;\">\n<p><span style=\"color: #0000ff;\"> <\/span><\/p>\n<p><span><\/span><br \/>\n<span><\/span><\/p>\n<h5 style=\"text-align: left;\"><span style=\"color: #000000;\">Zur <\/span><a href=\"https:\/\/www.igbce-blogs.de\/aufgeweckte-alte\/?page_id=3623\">\u00dcbersicht 2013<\/a><\/h5>\n<h5 style=\"text-align: left;\"><span style=\"color: #000000;\"><span style=\"color: #000000;\">Zur<\/span> <\/span><a href=\"https:\/\/www.igbce-blogs.de\/aufgeweckte-alte\/?page_id=130\">Startseite<\/a><\/h5>\nRelated Images:","protected":false},"excerpt":{"rendered":"<p>LINK: Unsere Eindr\u00fccke mit den sch\u00f6nsten Fotos dazu! Zwei ganz &#8222;Ausgeschlafene M\u00e4dels&#8220; unserer Truppe, wollten noch extra schnell Offenbach kennenlernen, bevor sie dann endlich im Wetterpark zu uns stie\u00dfen! ( Ein Bericht von Doris Herrmann ) Am 18. April traf sich dir Gruppe der flotten \u201eAufgeweckten Alten\u201c zu einem Ausflug nach Offenbach. Treffpunkt war wie [&hellip;]<\/p>\n","protected":false},"author":3,"featured_media":0,"parent":3623,"menu_order":2,"comment_status":"open","ping_status":"open","template":"tagcloud.php","meta":{"ngg_post_thumbnail":0,"footnotes":""},"class_list":["post-3909","page","type-page","status-publish","hentry"],"_links":{"self":[{"href":"https:\/\/www.igbce-blogs.de\/aufgeweckte-alte\/index.php?rest_route=\/wp\/v2\/pages\/3909","targetHints":{"allow":["GET"]}}],"collection":[{"href":"https:\/\/www.igbce-blogs.de\/aufgeweckte-alte\/index.php?rest_route=\/wp\/v2\/pages"}],"about":[{"href":"https:\/\/www.igbce-blogs.de\/aufgeweckte-alte\/index.php?rest_route=\/wp\/v2\/types\/page"}],"author":[{"embeddable":true,"href":"https:\/\/www.igbce-blogs.de\/aufgeweckte-alte\/index.php?rest_route=\/wp\/v2\/users\/3"}],"replies":[{"embeddable":true,"href":"https:\/\/www.igbce-blogs.de\/aufgeweckte-alte\/index.php?rest_route=%2Fwp%2Fv2%2Fcomments&post=3909"}],"version-history":[{"count":81,"href":"https:\/\/www.igbce-blogs.de\/aufgeweckte-alte\/index.php?rest_route=\/wp\/v2\/pages\/3909\/revisions"}],"predecessor-version":[{"id":4409,"href":"https:\/\/www.igbce-blogs.de\/aufgeweckte-alte\/index.php?rest_route=\/wp\/v2\/pages\/3909\/revisions\/4409"}],"up":[{"embeddable":true,"href":"https:\/\/www.igbce-blogs.de\/aufgeweckte-alte\/index.php?rest_route=\/wp\/v2\/pages\/3623"}],"wp:attachment":[{"href":"https:\/\/www.igbce-blogs.de\/aufgeweckte-alte\/index.php?rest_route=%2Fwp%2Fv2%2Fmedia&parent=3909"}],"curies":[{"name":"wp","href":"https:\/\/api.w.org\/{rel}","templated":true}]}}