{"id":2896,"date":"2012-06-21T17:08:53","date_gmt":"2012-06-21T16:08:53","guid":{"rendered":"http:\/\/www.igbce-blogs.de\/aufgeweckte-alte\/?page_id=2896"},"modified":"2014-01-29T17:49:14","modified_gmt":"2014-01-29T16:49:14","slug":"schiff-nach-seligenstadt-2012","status":"publish","type":"page","link":"https:\/\/www.igbce-blogs.de\/aufgeweckte-alte\/?page_id=2896","title":{"rendered":"Mit dem Schiff-Seligenstadt 2012"},"content":{"rendered":"<div><span style=\"color: #ff0000;\"><span style=\"color: #000000;\"> <\/span><\/span><\/div>\n<p><a title=\"Seligenstadt, Einhardhaus\" href=\"http:\/\/www.igbce-blogs.de:80\/aufgeweckte-alte\/wp-content\/uploads\/\/2011\/09\/800px-Seligenstadt_Einhardhaus_20110120.jpg\" target=\"_blank\"><img loading=\"lazy\" decoding=\"async\" class=\"size-full wp-image-2821 \" style=\"border: 3px solid black; margin: 3px;\" title=\"Seligenstadt, Einhardhaus\" src=\"http:\/\/www.igbce-blogs.de:80\/aufgeweckte-alte\/wp-content\/uploads\/\/2011\/09\/800px-Seligenstadt_Einhardhaus_20110120.jpg\" alt=\"Beschreibung: Seligenstadt, Einhardhaus - Datum: 20. Januar 2011 - Quelle: Eigenes Werk - Urheber: Rudolf Stricker \" width=\"480\" height=\"360\" \/><br \/>\nBild und Texte aus Wikipedia &#8211; Seligenstadt, Einhardhaus von Rudolf Stricker<\/a><\/p>\n<h3><span style=\"color: #000000;\"><span style=\"color: #000000;\">Mit dem Schiff nach Seligenstadt am 22. Mai 2012<\/span><\/span><\/h3>\n<h4><span style=\"color: #000000;\"> <em>Liebe \u201eAufgeweckte Alte\u201c, Kolleginnen und Kollegen,<\/em><\/span><span style=\"color: #000000;\"><em><br \/>\nwir freuen uns \u00fcber 51 Zusagen zum Besuch von Seligenstadt. <\/em><\/span><\/h4>\n<p style=\"text-align: left;\"><strong><span style=\"color: #000000;\">Um das Jahr 100 n. Chr. wurde in der Herrschaftszeit des r\u00f6mischen Kaisers <a title=\"Trajan\" href=\"http:\/\/de.wikipedia.org\/wiki\/Trajan\" target=\"_blank\">Trajan<\/a> ein <a title=\"Kastell Seligenstadt\" href=\"http:\/\/de.wikipedia.org\/wiki\/Kastell_Seligenstadt\" target=\"_blank\">Kohortenkastell<\/a> auf dem Gebiet des heutigen Seligenst\u00e4dter Marktplatzes und Teilen der heutigen Altstadt erbaut, das Castrum Selgum.<\/span><\/strong><\/p>\n<p style=\"text-align: left;\"><strong><span style=\"color: #000000;\">Die dort stationierte Kohorte hatte den Namen <em>Cohors I Civium Romanorum equitata<\/em> und war f\u00fcr die Sicherheit des am Main verlaufenden <a title=\"Limes (Grenzwall)\" href=\"http:\/\/de.wikipedia.org\/wiki\/Limes_%28Grenzwall%29\" target=\"_blank\">Limesabschnittes<\/a> (auch: <a title=\"Obergermanischer Limes\" href=\"http:\/\/de.wikipedia.org\/wiki\/Obergermanischer_Limes\" target=\"_blank\">Obergermanischer Limes<\/a>) verantwortlich. Mit dem <a title=\"Limesfall\" href=\"http:\/\/de.wikipedia.org\/wiki\/Limesfall\" target=\"_blank\">Fall des Limes<\/a> w\u00e4hrend der <a title=\"Alamannen\" href=\"http:\/\/de.wikipedia.org\/wiki\/Alamannen\" target=\"_blank\">Alamannenst\u00fcrme<\/a> um das Jahr 260 n. Chr. wurde das <a title=\"R\u00f6mische Milit\u00e4rlager\" href=\"http:\/\/de.wikipedia.org\/wiki\/R%C3%B6mische_Milit%C3%A4rlager\" target=\"_blank\">Kastell<\/a> aufgegeben, und die R\u00f6mer zogen sich wieder hinter die <a title=\"Rhein\" href=\"http:\/\/de.wikipedia.org\/wiki\/Rhein\" target=\"_blank\">Rheinlinie<\/a> zur\u00fcck. Auf den Tr\u00fcmmern des ehemaligen Kastells und auf dem heutigen Klosterareal entstand im Talabschnitt des Breitenbaches die fr\u00fchmittelalterliche Siedlung <em>Mulinheim superior<\/em>, Oberm\u00fchlheim.<\/span><\/strong><\/p>\n<h4><span style=\"color: #000000;\"><em>Hier wichtige Informationen zum Besuchstermin: <a href=\"http:\/\/www.igbce-blogs.de:80\/aufgeweckte-alte\/wp-content\/uploads\/\/2011\/09\/2012-04-20_Veranstaltungseinladung-Seligenstadt-am-22.-Mai-2012.pdf\" target=\"_blank\">Veranstaltungseinladung nach Seligenstadt am 22. Mai 2012<\/a><\/em><\/span><\/h4>\n<h4><span style=\"color: #000000;\"><em><br \/>\n<\/em><\/span><\/h4>\n<p><span><\/span><\/p>\n<h5 style=\"text-align: left;\"><span style=\"color: #000000;\">Zur <\/span><a href=\"https:\/\/www.igbce-blogs.de\/aufgeweckte-alte\/?page_id=2112\">\u00dcbersicht 2012<\/a><\/h5>\n<h5 style=\"text-align: left;\"><span style=\"color: #000000;\"><span style=\"color: #000000;\">Zur<\/span> <\/span><a href=\"https:\/\/www.igbce-blogs.de\/aufgeweckte-alte\/?page_id=130\">Startseite<\/a><\/h5>\nRelated Images:","protected":false},"excerpt":{"rendered":"<p>Bild und Texte aus Wikipedia &#8211; Seligenstadt, Einhardhaus von Rudolf Stricker Mit dem Schiff nach Seligenstadt am 22. Mai 2012 Liebe \u201eAufgeweckte Alte\u201c, Kolleginnen und Kollegen, wir freuen uns \u00fcber 51 Zusagen zum Besuch von Seligenstadt. Um das Jahr 100 n. Chr. wurde in der Herrschaftszeit des r\u00f6mischen Kaisers Trajan ein Kohortenkastell auf dem Gebiet [&hellip;]<\/p>\n","protected":false},"author":3,"featured_media":0,"parent":2112,"menu_order":5,"comment_status":"open","ping_status":"closed","template":"tagcloud.php","meta":{"ngg_post_thumbnail":0,"footnotes":""},"class_list":["post-2896","page","type-page","status-publish","hentry"],"_links":{"self":[{"href":"https:\/\/www.igbce-blogs.de\/aufgeweckte-alte\/index.php?rest_route=\/wp\/v2\/pages\/2896","targetHints":{"allow":["GET"]}}],"collection":[{"href":"https:\/\/www.igbce-blogs.de\/aufgeweckte-alte\/index.php?rest_route=\/wp\/v2\/pages"}],"about":[{"href":"https:\/\/www.igbce-blogs.de\/aufgeweckte-alte\/index.php?rest_route=\/wp\/v2\/types\/page"}],"author":[{"embeddable":true,"href":"https:\/\/www.igbce-blogs.de\/aufgeweckte-alte\/index.php?rest_route=\/wp\/v2\/users\/3"}],"replies":[{"embeddable":true,"href":"https:\/\/www.igbce-blogs.de\/aufgeweckte-alte\/index.php?rest_route=%2Fwp%2Fv2%2Fcomments&post=2896"}],"version-history":[{"count":16,"href":"https:\/\/www.igbce-blogs.de\/aufgeweckte-alte\/index.php?rest_route=\/wp\/v2\/pages\/2896\/revisions"}],"predecessor-version":[{"id":4444,"href":"https:\/\/www.igbce-blogs.de\/aufgeweckte-alte\/index.php?rest_route=\/wp\/v2\/pages\/2896\/revisions\/4444"}],"up":[{"embeddable":true,"href":"https:\/\/www.igbce-blogs.de\/aufgeweckte-alte\/index.php?rest_route=\/wp\/v2\/pages\/2112"}],"wp:attachment":[{"href":"https:\/\/www.igbce-blogs.de\/aufgeweckte-alte\/index.php?rest_route=%2Fwp%2Fv2%2Fmedia&parent=2896"}],"curies":[{"name":"wp","href":"https:\/\/api.w.org\/{rel}","templated":true}]}}

<div><span style="color: #ff0000;"><span style="color: #000000;"> </span></span></div>
<p><a title="Seligenstadt, Einhardhaus" href="http://www.igbce-blogs.de:80/aufgeweckte-alte/wp-content/uploads//2011/09/800px-Seligenstadt_Einhardhaus_20110120.jpg" target="_blank"><img loading="lazy" decoding="async" class="size-full wp-image-2821 " style="border: 3px solid black; margin: 3px;" title="Seligenstadt, Einhardhaus" src="http://www.igbce-blogs.de:80/aufgeweckte-alte/wp-content/uploads//2011/09/800px-Seligenstadt_Einhardhaus_20110120.jpg" alt="Beschreibung: Seligenstadt, Einhardhaus - Datum: 20. Januar 2011 - Quelle: Eigenes Werk - Urheber: Rudolf Stricker " width="480" height="360" /><br />
Bild und Texte aus Wikipedia &#8211; Seligenstadt, Einhardhaus von Rudolf Stricker</a></p>
<h3><span style="color: #000000;"><span style="color: #000000;">Mit dem Schiff nach Seligenstadt am 22. Mai 2012</span></span></h3>
<h4><span style="color: #000000;"> <em>Liebe „Aufgeweckte Alte“, Kolleginnen und Kollegen,</em></span><span style="color: #000000;"><em><br />
wir freuen uns über 51 Zusagen zum Besuch von Seligenstadt. </em></span></h4>
<p style="text-align: left;"><strong><span style="color: #000000;">Um das Jahr 100 n. Chr. wurde in der Herrschaftszeit des römischen Kaisers <a title="Trajan" href="http://de.wikipedia.org/wiki/Trajan" target="_blank">Trajan</a> ein <a title="Kastell Seligenstadt" href="http://de.wikipedia.org/wiki/Kastell_Seligenstadt" target="_blank">Kohortenkastell</a> auf dem Gebiet des heutigen Seligenstädter Marktplatzes und Teilen der heutigen Altstadt erbaut, das Castrum Selgum.</span></strong></p>
<p style="text-align: left;"><strong><span style="color: #000000;">Die dort stationierte Kohorte hatte den Namen <em>Cohors I Civium Romanorum equitata</em> und war für die Sicherheit des am Main verlaufenden <a title="Limes (Grenzwall)" href="http://de.wikipedia.org/wiki/Limes_%28Grenzwall%29" target="_blank">Limesabschnittes</a> (auch: <a title="Obergermanischer Limes" href="http://de.wikipedia.org/wiki/Obergermanischer_Limes" target="_blank">Obergermanischer Limes</a>) verantwortlich. Mit dem <a title="Limesfall" href="http://de.wikipedia.org/wiki/Limesfall" target="_blank">Fall des Limes</a> während der <a title="Alamannen" href="http://de.wikipedia.org/wiki/Alamannen" target="_blank">Alamannenstürme</a> um das Jahr 260 n. Chr. wurde das <a title="Römische Militärlager" href="http://de.wikipedia.org/wiki/R%C3%B6mische_Milit%C3%A4rlager" target="_blank">Kastell</a> aufgegeben, und die Römer zogen sich wieder hinter die <a title="Rhein" href="http://de.wikipedia.org/wiki/Rhein" target="_blank">Rheinlinie</a> zurück. Auf den Trümmern des ehemaligen Kastells und auf dem heutigen Klosterareal entstand im Talabschnitt des Breitenbaches die frühmittelalterliche Siedlung <em>Mulinheim superior</em>, Obermühlheim.</span></strong></p>
<h4><span style="color: #000000;"><em>Hier wichtige Informationen zum Besuchstermin: <a href="http://www.igbce-blogs.de:80/aufgeweckte-alte/wp-content/uploads//2011/09/2012-04-20_Veranstaltungseinladung-Seligenstadt-am-22.-Mai-2012.pdf" target="_blank">Veranstaltungseinladung nach Seligenstadt am 22. Mai 2012</a></em></span></h4>
<h4><span style="color: #000000;"><em><br />
</em></span></h4>
<p><span></span></p>
<h5 style="text-align: left;"><span style="color: #000000;">Zur </span><a href="https://www.igbce-blogs.de/aufgeweckte-alte/?page_id=2112">Übersicht 2012</a></h5>
<h5 style="text-align: left;"><span style="color: #000000;"><span style="color: #000000;">Zur</span> </span><a href="https://www.igbce-blogs.de/aufgeweckte-alte/?page_id=130">Startseite</a></h5>
Related Images:

<p>Bild und Texte aus Wikipedia &#8211; Seligenstadt, Einhardhaus von Rudolf Stricker Mit dem Schiff nach Seligenstadt am 22. Mai 2012 Liebe „Aufgeweckte Alte“, Kolleginnen und Kollegen, wir freuen uns über 51 Zusagen zum Besuch von Seligenstadt. Um das Jahr 100 n. Chr. wurde in der Herrschaftszeit des römischen Kaisers Trajan ein Kohortenkastell auf dem Gebiet [&hellip;]</p>
