{"id":2486,"date":"2012-03-28T14:20:35","date_gmt":"2012-03-28T13:20:35","guid":{"rendered":"http:\/\/www.igbce-blogs.de\/aufgeweckte-alte\/?page_id=2486"},"modified":"2018-11-15T17:13:16","modified_gmt":"2018-11-15T15:13:16","slug":"besuch-des-hauptfriedhofes-in-frankfurt","status":"publish","type":"page","link":"https:\/\/www.igbce-blogs.de\/aufgeweckte-alte\/?page_id=2486","title":{"rendered":"Der Hauptfriedhof in Frankfurt\/M"},"content":{"rendered":"<h2><span style=\"color: #000000;\">Besuch des Hauptfriedhofes in Frankfurt<\/span><\/h2>\n<h4><span style=\"color: #000000;\"><em>Liebe \u201eAufgeweckte Alte\u201c, Kolleginnen und Kollegen,<br \/>\ngestern am Dienstag, den 27. M\u00e4rz 2012 waren wir<br \/>\nzu Besuch im <\/em><em>Frankfurter <\/em><em>Hauptfriedhof und hatten<br \/>\n<span style=\"color: #000000;\">ab 14:00 Uhr eine F\u00fchrung mit Christian Setzepfand.<\/span><\/em><\/span><\/h4>\n<h4><em><span style=\"color: #000000;\">Link:<\/span> <\/em> <a href=\"https:\/\/www.igbce-blogs.de\/aufgeweckte-alte\/?p=2510\" target=\"_blank\" rel=\"noopener\"><em>K<\/em>ommentare zum Tagesprogramm auf dem Hauptfriedhof<\/a><\/h4>\n<h2><span style=\"color: #000000;\">Geschichte des Frankfurter Hauptfriedhofs<\/span><\/h2>\n<div>ngg_shortcode_0_placeholder&nbsp;<\/div>\n<div>( Bild und Text aus WIKIPEDIA ) Diese Datei ist unter der <a title=\"w:de:Creative Commons\" href=\"http:\/\/en.wikipedia.org\/wiki\/de:Creative_Commons\" target=\"_blank\" rel=\"noopener\">Creative Commons<\/a>-Lizenz <a href=\"http:\/\/creativecommons.org\/licenses\/by-sa\/3.0\/deed.de\" target=\"_blank\" rel=\"nofollow noopener\"><br \/>\nNamensnennung-Weitergabe unter gleichen Bedingungen 3.0 Unported<\/a> lizenziert.<\/div>\n<div>&nbsp;<\/div>\n<div>Seit Anfang des 16. Jahrhunderts wurden die meisten Toten der Stadt auf dem <a title=\"Peterskirche (Frankfurt)\" href=\"http:\/\/de.wikipedia.org\/wiki\/Peterskirche_%28Frankfurt%29\" target=\"_blank\" rel=\"noopener\">Peterskirchhof<\/a> in der <em><a title=\"Frankfurt-Innenstadt\" href=\"http:\/\/de.wikipedia.org\/wiki\/Frankfurt-Innenstadt\" target=\"_blank\" rel=\"noopener\">Neustadt<\/a><\/em> beerdigt. Nach der Einf\u00fchrung der Reformation war der Peterskirchhof f\u00fcr die protestantischen Toten der <a title=\"Frankfurt-Altstadt\" href=\"http:\/\/de.wikipedia.org\/wiki\/Frankfurt-Altstadt\" target=\"_blank\" rel=\"noopener\">Altstadt<\/a> und der Neustadt reserviert; in <a title=\"Frankfurt-Sachsenhausen\" href=\"http:\/\/de.wikipedia.org\/wiki\/Frankfurt-Sachsenhausen\" target=\"_blank\" rel=\"noopener\">Sachsenhausen<\/a> gab es einen eigenen Friedhof. Der <a title=\"J\u00fcdischer Friedhof\" href=\"http:\/\/de.wikipedia.org\/wiki\/J%C3%BCdischer_Friedhof\" target=\"_blank\" rel=\"noopener\">j\u00fcdische Friedhof<\/a> geh\u00f6rte zum Areal der <em><a title=\"Frankfurter Judengasse\" href=\"http:\/\/de.wikipedia.org\/wiki\/Frankfurter_Judengasse\" target=\"_blank\" rel=\"noopener\">Judengasse<\/a><\/em>, des j\u00fcdischen <a title=\"Ghetto\" href=\"http:\/\/de.wikipedia.org\/wiki\/Ghetto\" target=\"_blank\" rel=\"noopener\">Ghettos<\/a>, w\u00e4hrend die wenigen katholischen Toten auf dem zum <a title=\"Kaiserdom St. Bartholom\u00e4us\" href=\"http:\/\/de.wikipedia.org\/wiki\/Kaiserdom_St._Bartholom%C3%A4us\" target=\"_blank\" rel=\"noopener\">Dom<\/a> geh\u00f6renden Kirchhof bestattet wurden.<\/div>\n<div>Der Peterskirchhof wurde \u00fcber 300 Jahre lang genutzt und in dieser Zeit mehrfach erweitert. Trotzdem reichte der Platz innerhalb der engen Mauern Frankfurts schon im 18. Jahrhundert nicht mehr aus. Der Friedhof war so stark \u00fcberbelegt, dass Gr\u00e4ber h\u00e4ufig schon nach 10 bis 15 Jahren wiederbelegt werden mussten. Die Situation versch\u00e4rfte sich weiter, als ab 1812 auch die katholischen Toten auf dem Peterskirchhof beerdigt wurden. Die Zahl der Katholiken war inzwischen wieder soweit angestiegen, dass der winzige Domkirchhof geschlossen werden musste.<\/div>\n<div>Die Stadt entschloss sich deshalb, einen neuen, gro\u00dfz\u00fcgigen Friedhof vor den Toren der Stadt anzulegen. Die Pl\u00e4ne stie\u00dfen jedoch auf Widerstand in der Bev\u00f6lkerung. Insbesondere die nach wie vor einflussreichen <a title=\"Patrizier\" href=\"http:\/\/de.wikipedia.org\/wiki\/Patrizier\" target=\"_blank\" rel=\"noopener\">Patrizierfamilien<\/a> wollten nicht auf ihre gro\u00dfz\u00fcgigen Familiengrabst\u00e4tten auf dem Peterskirchhof verzichten. Auf dem geplanten neuen Friedhof sollten dagegen alle Toten, ohne R\u00fccksicht auf ihren Stand, in Reihengr\u00e4bern beigesetzt werden.<\/div>\n<div>Unterst\u00fctzung erhielten die Bef\u00fcrworter des neuen Friedhofs von den \u00c4rzten der Stadt, die eindringlich vor den untragbar gewordenen hygienischen Verh\u00e4ltnisse auf dem alten Peterskirchhof warnten. 1821 bestimmte man schlie\u00dflich ein Areal f\u00fcr den neuen Hauptfriedhof und richtete 1825 eine <em>Kirch- und Friedhofs-Commission<\/em> unter Leitung des Senators und Hessischen Geheimen Hofrats <a title=\"Johann Adam Beil\" href=\"http:\/\/de.wikipedia.org\/wiki\/Johann_Adam_Beil\" target=\"_blank\" rel=\"noopener\">Johann Adam Beil<\/a> ein, des sp\u00e4teren Direktors der <a title=\"Taunus-Eisenbahn\" href=\"http:\/\/de.wikipedia.org\/wiki\/Taunus-Eisenbahn\" target=\"_blank\" rel=\"noopener\">Taunusbahn<\/a>. Um den Widerstand der st\u00e4dtischen Oberschicht zu \u00fcberwinden, gab man die Absicht auf, alle Toten gleichwertig behandeln zu m\u00fcssen, und reservierte f\u00fcr die Familienbegr\u00e4bnisse und Epitaphien gro\u00dfz\u00fcgigen Raum entlang der Umfassungsmauern. Mit der Planung des Hauptfriedhofs wurden der Architekt <a title=\"Friedrich Rumpf (Architekt)\" href=\"http:\/\/de.wikipedia.org\/wiki\/Friedrich_Rumpf_%28Architekt%29\" target=\"_blank\" rel=\"noopener\">Friedrich Rumpf<\/a> (1795 bis 1867) und der Stadtg\u00e4rtner <a title=\"Sebastian Rinz\" href=\"http:\/\/de.wikipedia.org\/wiki\/Sebastian_Rinz\" target=\"_blank\" rel=\"noopener\">Sebastian Rinz<\/a> (1782 bis 1861) beauftragt. Rinz legte den Friedhof im Stil eines <a title=\"Englischer Landschaftspark\" href=\"http:\/\/de.wikipedia.org\/wiki\/Englischer_Landschaftspark\" target=\"_blank\" rel=\"noopener\">englischen Landschaftsparks<\/a> auf einer rechteckigen Fl\u00e4che von ca. sechs Hektar an, etwa der dreifachen Fl\u00e4che des Peterskirchhofs. Die Ost-West-Ausdehnung betrug ca. 340 m, in Nord-S\u00fcd-Richtung ca. 200 m. \u00d6stlich des durch eine Mauer begrenzten Hauptfriedhofs schloss sich der zur gleichen Zeit errichtete <em>j\u00fcdische Friedhof<\/em> an (heute <em>Alter j\u00fcdischer Friedhof<\/em>). Im Westen des Hauptfriedhofs errichtete Rumpf ein <a title=\"Klassizismus\" href=\"http:\/\/de.wikipedia.org\/wiki\/Klassizismus\" target=\"_blank\" rel=\"noopener\">klassizistisches<\/a> Portal mit zwei Fl\u00fcgelbauten. Das Alte Portal ist \u00fcber den Grundmauern eines r\u00f6mischen Gutshofs errichtet worden. Im n\u00f6rdlichen Teil war urspr\u00fcnglich das Leichenhaus untergebracht. Neben einem Zimmer f\u00fcr den Leichenw\u00e4rter gab es noch einen Raum zur Wiederbelebung. Im s\u00fcdlichen Teil waren neben einem Aussegnungsraum noch B\u00fcros f\u00fcr die Verwaltung des Friedhofs.<\/div>\n<div>Am 25. Juni k\u00fcndigte die Stadt die bevorstehende \u00d6ffnung des neuen Friedhofs an und gab bekannt, <em>\u201eda\u00df nicht gezweifelt werde, l\u00f6bliche B\u00fcrgerschaft werde sich der durch das Todtenhaus dargebotenen mannigfachen Vortheile, insonderheit m\u00f6glichst vollkommener Sicherstellung vor der Gefahr lebendig begraben zu werden,&#8230;durch flei\u00dfige Benutzung derselben theilhaftig machen.\u201c<\/em><\/div>\n<div>Am 30. Juni 1828 fand die letzte Beerdigung auf dem alten Peterskirchhof statt und einen Tag sp\u00e4ter, am 1. Juli, wurde die aus <a title=\"Amsterdam\" href=\"http:\/\/de.wikipedia.org\/wiki\/Amsterdam\" target=\"_blank\" rel=\"noopener\">Amsterdam<\/a> stammende <em>Maria Catherine Alewyn<\/em> als erste auf dem neuen Hauptfriedhof beigesetzt. Sie war im Alter von 52 Jahren im <a title=\"Hotel zum Schwan\" href=\"http:\/\/de.wikipedia.org\/wiki\/Hotel_zum_Schwan\" target=\"_blank\" rel=\"noopener\">Hotel zum Schwan<\/a> im Steinweg verstorben. Ihre Grabstelle (Gewann D \u2013 An der Mauer 192) existiert heute nicht mehr, jedoch befindet sich an <span style=\"color: #000000;\">dieser Stelle ein Gedenkstein.<\/span><\/div>\n<div><span style=\"color: #000000;\"><br \/>\n<\/span><\/div>\n<div>\n<p>&nbsp;<\/p>\n<h5 style=\"text-align: left;\"><span style=\"color: #000000;\">Zur <\/span><a href=\"https:\/\/www.igbce-blogs.de\/aufgeweckte-alte\/?page_id=2112\">\u00dcbersicht 2012<\/a><\/h5>\n<h5 style=\"text-align: left;\"><span style=\"color: #000000;\"><span style=\"color: #000000;\">Zur<\/span> <\/span><a href=\"https:\/\/www.igbce-blogs.de\/aufgeweckte-alte\/?page_id=130\">Startseite<\/a><\/h5>\n<\/div>\nRelated Images:","protected":false},"excerpt":{"rendered":"<p>Besuch des Hauptfriedhofes in Frankfurt Liebe \u201eAufgeweckte Alte\u201c, Kolleginnen und Kollegen, gestern am Dienstag, den 27. M\u00e4rz 2012 waren wir zu Besuch im Frankfurter Hauptfriedhof und hatten ab 14:00 Uhr eine F\u00fchrung mit Christian Setzepfand. Link: Kommentare zum Tagesprogramm auf dem Hauptfriedhof Geschichte des Frankfurter Hauptfriedhofs &nbsp; ( Bild und Text aus WIKIPEDIA ) Diese [&hellip;]<\/p>\n","protected":false},"author":3,"featured_media":0,"parent":2112,"menu_order":3,"comment_status":"open","ping_status":"closed","template":"tagcloud.php","meta":{"ngg_post_thumbnail":0,"footnotes":""},"class_list":["post-2486","page","type-page","status-publish","hentry"],"_links":{"self":[{"href":"https:\/\/www.igbce-blogs.de\/aufgeweckte-alte\/index.php?rest_route=\/wp\/v2\/pages\/2486","targetHints":{"allow":["GET"]}}],"collection":[{"href":"https:\/\/www.igbce-blogs.de\/aufgeweckte-alte\/index.php?rest_route=\/wp\/v2\/pages"}],"about":[{"href":"https:\/\/www.igbce-blogs.de\/aufgeweckte-alte\/index.php?rest_route=\/wp\/v2\/types\/page"}],"author":[{"embeddable":true,"href":"https:\/\/www.igbce-blogs.de\/aufgeweckte-alte\/index.php?rest_route=\/wp\/v2\/users\/3"}],"replies":[{"embeddable":true,"href":"https:\/\/www.igbce-blogs.de\/aufgeweckte-alte\/index.php?rest_route=%2Fwp%2Fv2%2Fcomments&post=2486"}],"version-history":[{"count":63,"href":"https:\/\/www.igbce-blogs.de\/aufgeweckte-alte\/index.php?rest_route=\/wp\/v2\/pages\/2486\/revisions"}],"predecessor-version":[{"id":10929,"href":"https:\/\/www.igbce-blogs.de\/aufgeweckte-alte\/index.php?rest_route=\/wp\/v2\/pages\/2486\/revisions\/10929"}],"up":[{"embeddable":true,"href":"https:\/\/www.igbce-blogs.de\/aufgeweckte-alte\/index.php?rest_route=\/wp\/v2\/pages\/2112"}],"wp:attachment":[{"href":"https:\/\/www.igbce-blogs.de\/aufgeweckte-alte\/index.php?rest_route=%2Fwp%2Fv2%2Fmedia&parent=2486"}],"curies":[{"name":"wp","href":"https:\/\/api.w.org\/{rel}","templated":true}]}}