{"id":190,"date":"2010-12-11T13:00:16","date_gmt":"2010-12-11T13:00:16","guid":{"rendered":"http:\/\/www.igbce-blogs.de\/aufgeweckte-alte\/?page_id=190"},"modified":"2025-01-09T19:11:05","modified_gmt":"2025-01-09T17:11:05","slug":"besichtigung-des-kriminalmuseums-frankfurt","status":"publish","type":"page","link":"https:\/\/www.igbce-blogs.de\/aufgeweckte-alte\/?page_id=190","title":{"rendered":"Besichtigung des Kriminalmuseums"},"content":{"rendered":"<h4 style=\"text-align: center;\"><span style=\"color: #000080;\">Am 8. Juni und 08. Nov. 2010 ab 10:00 Uhr:<br \/>\nBesuch des Polizeipr\u00e4sidiums in Frankfurt<br \/>\n<\/span><a title=\"GNU-Lizenz f\u00fcr freie Dokumentation\" href=\"http:\/\/en.wikipedia.org\/wiki\/de:GNU-Lizenz_f%C3%BCr_freie_Dokumentation\" target=\"_blank\" rel=\"noopener\"><strong>GNU-Lizenz f\u00fcr freie Dokumentation<\/strong><\/a><\/h4>\n<div style=\"width: 490px\" class=\"wp-caption aligncenter\"><a class=\"aligncenter\" href=\"http:\/\/upload.wikimedia.org\/wikipedia\/commons\/a\/a6\/Mk_Frankfurt_Polizeipr%C3%A4sidium_2.jpg\" target=\"_blank\" rel=\"noopener\"><img loading=\"lazy\" decoding=\"async\" class=\" \" style=\"border: 3px solid black;\" title=\"Polizeipr\u00e4sidium Frankfurt am Main - Haupteingang\" src=\"http:\/\/upload.wikimedia.org\/wikipedia\/commons\/thumb\/a\/a6\/Mk_Frankfurt_Polizeipr%C3%A4sidium_2.jpg\/800px-Mk_Frankfurt_Polizeipr%C3%A4sidium_2.jpg\" alt=\"\" width=\"480\" height=\"384\"\/><\/a><p class=\"wp-caption-text\">WIKIPEDIA: Polizeipr\u00e4sidium Frankfurt am Main &#8211; Haupteingang<\/p><\/div>\n<h3 style=\"text-align: center;\"><span style=\"color: #000080;\">LINK &#8211; \u00dcbersicht <\/span><\/h3>\n<h2 style=\"text-align: center;\"><a href=\"https:\/\/ppffm.polizei.hessen.de\/Startseite\/\"><span style=\"color: #008080;\"><strong>https:\/\/ppffm.polizei.hessen.de\/Startseite\/<\/strong><\/span><\/a><\/h2>\n<h3 style=\"text-align: center;\"><span style=\"color: #0000ff;\">Zum LINK &#8211; Kriminalmuseum<\/span><br \/>\n<span style=\"color: #0000ff;\">bitte in das Bild unten klicken!<\/span><\/h3>\n<div style=\"text-align: center;\">\n<div style=\"text-align: center;\">\n<p><a href=\"https:\/\/ppffm.polizei.hessen.de\/icc\/ppffm\/nav\/2be\/2be59cc9-9ce7-71d9-df9d-45ea192de431#text=Kriminalmuseum%20Frankfurt&amp;index=5dc70ee1-825a-f6f8-6373-a91bbcb63046\"><img loading=\"lazy\" decoding=\"async\" class=\"wp-image-15773 size-full\" src=\"http:\/\/www.igbce-blogs.de:80\/aufgeweckte-alte\/wp-content\/uploads\/\/2022\/08\/BannerPOeA.jpg\" alt=\"\" width=\"1024\" height=\"192\"\/>&nbsp;<\/a><\/p>\n<h2><span style=\"color: #0000ff;\">Besuch des Polizeipr\u00e4sidiums mit Kriminalmuseum am Dienstag den 8. Juni 2010<\/span><\/h2>\n<h3 style=\"text-align: center;\"><span style=\"color: #000000;\">Zur <\/span><a href=\"https:\/\/www.igbce-blogs.de\/aufgeweckte-alte\/?page_id=3550\"><span style=\"color: #c81010;\">\u00dcbersicht 2010<\/span><\/a><\/h3>\n<h3 style=\"text-align: center;\"><span style=\"color: #000000;\"><span style=\"color: #000000;\">Zur<\/span> <\/span><a href=\"https:\/\/www.igbce-blogs.de\/aufgeweckte-alte\/?page_id=130\"><span style=\"color: #c81010;\">Startseite<\/span><\/a><\/h3>\n<\/div>\n<\/div>\nRelated Images:","protected":false},"excerpt":{"rendered":"<p>Am 8. Juni und 08. Nov. 2010 ab 10:00 Uhr: Besuch des Polizeipr\u00e4sidiums in Frankfurt GNU-Lizenz f\u00fcr freie Dokumentation LINK &#8211; \u00dcbersicht https:\/\/ppffm.polizei.hessen.de\/Startseite\/ Zum LINK &#8211; Kriminalmuseum bitte in das Bild unten klicken! &nbsp; Besuch des Polizeipr\u00e4sidiums mit Kriminalmuseum am Dienstag den 8. Juni 2010 Zur \u00dcbersicht 2010 Zur Startseite Related Images:<\/p>\n","protected":false},"author":3,"featured_media":0,"parent":3550,"menu_order":4,"comment_status":"open","ping_status":"closed","template":"tagcloud.php","meta":{"ngg_post_thumbnail":0,"footnotes":""},"class_list":["post-190","page","type-page","status-publish","hentry"],"_links":{"self":[{"href":"https:\/\/www.igbce-blogs.de\/aufgeweckte-alte\/index.php?rest_route=\/wp\/v2\/pages\/190","targetHints":{"allow":["GET"]}}],"collection":[{"href":"https:\/\/www.igbce-blogs.de\/aufgeweckte-alte\/index.php?rest_route=\/wp\/v2\/pages"}],"about":[{"href":"https:\/\/www.igbce-blogs.de\/aufgeweckte-alte\/index.php?rest_route=\/wp\/v2\/types\/page"}],"author":[{"embeddable":true,"href":"https:\/\/www.igbce-blogs.de\/aufgeweckte-alte\/index.php?rest_route=\/wp\/v2\/users\/3"}],"replies":[{"embeddable":true,"href":"https:\/\/www.igbce-blogs.de\/aufgeweckte-alte\/index.php?rest_route=%2Fwp%2Fv2%2Fcomments&post=190"}],"version-history":[{"count":30,"href":"https:\/\/www.igbce-blogs.de\/aufgeweckte-alte\/index.php?rest_route=\/wp\/v2\/pages\/190\/revisions"}],"predecessor-version":[{"id":21400,"href":"https:\/\/www.igbce-blogs.de\/aufgeweckte-alte\/index.php?rest_route=\/wp\/v2\/pages\/190\/revisions\/21400"}],"up":[{"embeddable":true,"href":"https:\/\/www.igbce-blogs.de\/aufgeweckte-alte\/index.php?rest_route=\/wp\/v2\/pages\/3550"}],"wp:attachment":[{"href":"https:\/\/www.igbce-blogs.de\/aufgeweckte-alte\/index.php?rest_route=%2Fwp%2Fv2%2Fmedia&parent=190"}],"curies":[{"name":"wp","href":"https:\/\/api.w.org\/{rel}","templated":true}]}}