{"id":12703,"date":"2019-05-02T18:32:27","date_gmt":"2019-05-02T16:32:27","guid":{"rendered":"https:\/\/www.igbce-blogs.de\/aufgeweckte-alte\/?page_id=12703"},"modified":"2019-05-02T19:02:37","modified_gmt":"2019-05-02T17:02:37","slug":"am-13-maerz-war-unser-kreppelkaffee","status":"publish","type":"page","link":"https:\/\/www.igbce-blogs.de\/aufgeweckte-alte\/?page_id=12703","title":{"rendered":"Am 13. M\u00e4rz war unser Kreppelkaffee."},"content":{"rendered":"<p><strong>ngg_shortcode_0_placeholder<\/strong><\/p>\n<p><strong>Einladung zu unserem beliebten Kreppelkaffee! <\/strong><\/p>\n<p>Liebe \u201eAufgeweckte Alte\u201c, Kolleginnen und Kollegen,<br \/>\ndas neue Jahr hat f\u00fcr Euch alle hoffentlich gesund und gut angefangen.<\/p>\n<p><strong>F\u00fcr Mittwoch, den 13. M\u00e4rz 2019 haben wir Euch eingeladen.<br \/>\n<\/strong><strong><u>ACHTUNG\u2013NEU<\/u><\/strong><strong>:<\/strong><strong> EINLASS ab 14:30 Uhr, <\/strong>Bitte um Verst\u00e4ndnis.<br \/>\nTreffen im Pfarrheim Schleifergasse 2, 65929 Frankfurt-H\u00f6chst.<\/p>\n<p>Wir stellten Kreppel und Kaffee! Ihr aber seid zahlreich gekommen,<br \/>\num Euch austauschen, zu informieren und nat\u00fcrlich zum Spa\u00df haben.<\/p>\n<p><strong><em>Peter verteilte auf vielfachen Wunsch die DVD unserer Reise durch<br \/>\nden HARZ zum Unkostenbeitrag von 10 EURO !<\/em><\/strong><\/p>\n<p><strong><em>Es ist uns sehr wichtig und wir bitten ganz besonders darum!<br \/>\nR\u00fcckmeldungen per Brief bitte <\/em><\/strong><strong><em>nur<\/em><\/strong><strong><em> an die eingedruckte Anschrift,<br \/>\nFax \/ Email <\/em><\/strong><strong><em>nur<\/em><\/strong><strong><em> an das Bezirksb\u00fcro Wiesbaden, <\/em><\/strong><strong><em>bitte Formular verwenden<\/em><\/strong><strong><em>!<br \/>\nBitte keine telefonischen Anmeldungen!<\/em><\/strong><\/p>\n<p><strong>P.S.<\/strong> <strong><em>Helfende H\u00e4nde waren ab 13:00 Uhr herzlich willkommen.<br \/>\n<\/em><\/strong><\/p>\n<p><em><strong>Wir freuten uns auf Euch in gem\u00fctlicher Runde <\/strong><\/em><br \/>\n<em><strong> die &#8222;Aufgeweckten Alten&#8220;.<\/strong><\/em><\/p>\n<p><strong><br \/>\nAm Mittwoch, den 13. M\u00e4rz 2019 &#8211; 14:30 Uhr im<br \/>\nkath. Gemeindezentrum&nbsp; St. JOSEF,&nbsp; Schleifergasse 2,<br \/>\n(gro\u00dfer Saal im ersten Stock) 65929 Frankfurt-H\u00f6chst. <\/strong><\/p>\nRelated Images:","protected":false},"excerpt":{"rendered":"<p>Einladung zu unserem beliebten Kreppelkaffee! Liebe \u201eAufgeweckte Alte\u201c, Kolleginnen und Kollegen, das neue Jahr hat f\u00fcr Euch alle hoffentlich gesund und gut angefangen. F\u00fcr Mittwoch, den 13. M\u00e4rz 2019 haben wir Euch eingeladen. ACHTUNG\u2013NEU: EINLASS ab 14:30 Uhr, Bitte um Verst\u00e4ndnis. Treffen im Pfarrheim Schleifergasse 2, 65929 Frankfurt-H\u00f6chst. Wir stellten Kreppel und Kaffee! Ihr aber [&hellip;]<\/p>\n","protected":false},"author":3,"featured_media":0,"parent":12412,"menu_order":1,"comment_status":"closed","ping_status":"closed","template":"tagcloud.php","meta":{"ngg_post_thumbnail":0,"footnotes":""},"class_list":["post-12703","page","type-page","status-publish","hentry"],"_links":{"self":[{"href":"https:\/\/www.igbce-blogs.de\/aufgeweckte-alte\/index.php?rest_route=\/wp\/v2\/pages\/12703","targetHints":{"allow":["GET"]}}],"collection":[{"href":"https:\/\/www.igbce-blogs.de\/aufgeweckte-alte\/index.php?rest_route=\/wp\/v2\/pages"}],"about":[{"href":"https:\/\/www.igbce-blogs.de\/aufgeweckte-alte\/index.php?rest_route=\/wp\/v2\/types\/page"}],"author":[{"embeddable":true,"href":"https:\/\/www.igbce-blogs.de\/aufgeweckte-alte\/index.php?rest_route=\/wp\/v2\/users\/3"}],"replies":[{"embeddable":true,"href":"https:\/\/www.igbce-blogs.de\/aufgeweckte-alte\/index.php?rest_route=%2Fwp%2Fv2%2Fcomments&post=12703"}],"version-history":[{"count":8,"href":"https:\/\/www.igbce-blogs.de\/aufgeweckte-alte\/index.php?rest_route=\/wp\/v2\/pages\/12703\/revisions"}],"predecessor-version":[{"id":12730,"href":"https:\/\/www.igbce-blogs.de\/aufgeweckte-alte\/index.php?rest_route=\/wp\/v2\/pages\/12703\/revisions\/12730"}],"up":[{"embeddable":true,"href":"https:\/\/www.igbce-blogs.de\/aufgeweckte-alte\/index.php?rest_route=\/wp\/v2\/pages\/12412"}],"wp:attachment":[{"href":"https:\/\/www.igbce-blogs.de\/aufgeweckte-alte\/index.php?rest_route=%2Fwp%2Fv2%2Fmedia&parent=12703"}],"curies":[{"name":"wp","href":"https:\/\/api.w.org\/{rel}","templated":true}]}}