{"id":10121,"date":"2018-07-19T12:46:10","date_gmt":"2018-07-19T10:46:10","guid":{"rendered":"https:\/\/www.igbce-blogs.de\/aufgeweckte-alte\/?page_id=10121"},"modified":"2018-07-20T15:20:52","modified_gmt":"2018-07-20T13:20:52","slug":"industriepark-hoechst-mit-behrensbau","status":"publish","type":"page","link":"https:\/\/www.igbce-blogs.de\/aufgeweckte-alte\/?page_id=10121","title":{"rendered":"Im Industriepark H\u00f6chst mit Behrensbau"},"content":{"rendered":"<h4><span style=\"color: #0000ff;\"><strong>M\u00e4rz [ 3 ]&nbsp; <\/strong><\/span><a href=\"https:\/\/de.wikipedia.org\/wiki\/Technisches_Verwaltungsgeb%C3%A4ude_der_Hoechst_AG\">Werksrundfahrt im<br \/>\nIndustriepark H\u00f6chst mit dem Behrensbau<\/a><br \/>\n<span style=\"color: #000000;\">am 21. M\u00e4rz ab 14:00 Uhr Einfahrt ins Werk!<br \/>\n<\/span><span style=\"color: #000000;\"><br \/>\nLINK zu den FOTO\u2019s:<\/span> <a title=\"Ausstellung chic! Land.-Museum DA\" href=\"https:\/\/www.igbce-blogs.de\/aufgeweckte-alte\/?p=10695\" target=\"_blank\" rel=\"noopener\"><strong>Hier klicken!!!<\/strong><\/a>&nbsp;<\/h4>\n<p>Wir trafen uns <strong>am 21. M\u00e4rz 2018<\/strong> um <strong>13:45 Uhr <\/strong><\/p>\n<h4><span style=\"color: #000000;\">am <span style=\"color: #0000ff;\"><strong>Tor Ost Werk H\u00f6chst<\/strong><\/span><\/span><\/h4>\n<h4><span style=\"color: #0000ff;\"><strong>zur <em>Werksrundfahrt im Industriepark H\u00f6chst <\/em><\/strong><\/span><\/h4>\n<h4><span style=\"color: #0000ff;\"><strong><em>mit Besichtigung des Industriedenkmals Peter-Behrens-Bau.<\/em><\/strong><\/span><\/h4>\n<p>Der Industriestandort H\u00f6chst hat sich in den letzten Jahren ganz gewaltig ver\u00e4ndert. Alte Anlagen wurden zum Teil abgebaut und neue errichtet. Im hohen dreistelligen Millionenbereich&nbsp; wurde dort investiert, wo viele von uns einst in Brot und Arbeit waren. H\u00f6chste Zeit also, um diese Weiterentwicklung des Chemie- und Pharmastandortes zu sehen.<\/p>\n<p><strong>&nbsp;<\/strong>Wir werden auch in den Peter-Behrens-Bau gehen, f\u00fcr etwa 20 Minuten und einige<br \/>\nErl\u00e4uterungen erhalten. Es wird aber kein kunsthistorischer Rundgang werden. Dann werden wir wieder zum Tor Ost gefahren und damit ist die Werksrundfahrt beendet.<\/p>\n<p>Abfahrt Tor Ost: 14:00 Uhr<br \/>\nmit ca . 2 \u2013 3 Stunden Dauer&nbsp;<\/p>\n<p><strong><em>Es war ein besonders interessanter Nachmittag!<br \/>\n<\/em><em>Herzliche Gr\u00fc\u00dfe von den<br \/>\n\u201eAufgeweckten Alten\u201c<\/em><\/strong><\/p>\n<h3><span style=\"color: #000000;\">&nbsp;<\/span><\/h3>\n<h3><span style=\"color: #000000;\">Zur <\/span><a title=\"NEUES mit Tagesfahrten &amp; Bodensee!\" href=\"https:\/\/www.igbce-blogs.de\/aufgeweckte-alte\/?page_id=8402\" target=\"_blank\" rel=\"noopener\">\u00dcbersicht 2018<\/a><\/h3>\n<h3><span style=\"color: #000000;\">Zur<\/span> <a href=\"https:\/\/www.igbce-blogs.de\/aufgeweckte-alte\/\" target=\"_blank\" rel=\"noopener\">Startseite<\/a><\/h3>\n<p>&nbsp;<\/p>\nRelated Images:","protected":false},"excerpt":{"rendered":"<p>M\u00e4rz [ 3 ]&nbsp; Werksrundfahrt im Industriepark H\u00f6chst mit dem Behrensbau am 21. M\u00e4rz ab 14:00 Uhr Einfahrt ins Werk! LINK zu den FOTO\u2019s: Hier klicken!!!&nbsp; Wir trafen uns am 21. M\u00e4rz 2018 um 13:45 Uhr am Tor Ost Werk H\u00f6chst zur Werksrundfahrt im Industriepark H\u00f6chst mit Besichtigung des Industriedenkmals Peter-Behrens-Bau. Der Industriestandort H\u00f6chst hat [&hellip;]<\/p>\n","protected":false},"author":3,"featured_media":0,"parent":8402,"menu_order":3,"comment_status":"closed","ping_status":"closed","template":"tagcloud.php","meta":{"ngg_post_thumbnail":0,"footnotes":""},"class_list":["post-10121","page","type-page","status-publish","hentry"],"_links":{"self":[{"href":"https:\/\/www.igbce-blogs.de\/aufgeweckte-alte\/index.php?rest_route=\/wp\/v2\/pages\/10121","targetHints":{"allow":["GET"]}}],"collection":[{"href":"https:\/\/www.igbce-blogs.de\/aufgeweckte-alte\/index.php?rest_route=\/wp\/v2\/pages"}],"about":[{"href":"https:\/\/www.igbce-blogs.de\/aufgeweckte-alte\/index.php?rest_route=\/wp\/v2\/types\/page"}],"author":[{"embeddable":true,"href":"https:\/\/www.igbce-blogs.de\/aufgeweckte-alte\/index.php?rest_route=\/wp\/v2\/users\/3"}],"replies":[{"embeddable":true,"href":"https:\/\/www.igbce-blogs.de\/aufgeweckte-alte\/index.php?rest_route=%2Fwp%2Fv2%2Fcomments&post=10121"}],"version-history":[{"count":20,"href":"https:\/\/www.igbce-blogs.de\/aufgeweckte-alte\/index.php?rest_route=\/wp\/v2\/pages\/10121\/revisions"}],"predecessor-version":[{"id":10836,"href":"https:\/\/www.igbce-blogs.de\/aufgeweckte-alte\/index.php?rest_route=\/wp\/v2\/pages\/10121\/revisions\/10836"}],"up":[{"embeddable":true,"href":"https:\/\/www.igbce-blogs.de\/aufgeweckte-alte\/index.php?rest_route=\/wp\/v2\/pages\/8402"}],"wp:attachment":[{"href":"https:\/\/www.igbce-blogs.de\/aufgeweckte-alte\/index.php?rest_route=%2Fwp%2Fv2%2Fmedia&parent=10121"}],"curies":[{"name":"wp","href":"https:\/\/api.w.org\/{rel}","templated":true}]}}

Im Industriepark Höchst mit Behrensbau

<h4><span style="color: #0000ff;"><strong>März [ 3 ]&nbsp; </strong></span><a href="https://de.wikipedia.org/wiki/Technisches_Verwaltungsgeb%C3%A4ude_der_Hoechst_AG">Werksrundfahrt im<br />
Industriepark Höchst mit dem Behrensbau</a><br />
<span style="color: #000000;">am 21. März ab 14:00 Uhr Einfahrt ins Werk!<br />
</span><span style="color: #000000;"><br />
LINK zu den FOTO’s:</span> <a title="Ausstellung chic! Land.-Museum DA" href="https://www.igbce-blogs.de/aufgeweckte-alte/?p=10695" target="_blank" rel="noopener"><strong>Hier klicken!!!</strong></a>&nbsp;</h4>
<p>Wir trafen uns <strong>am 21. März 2018</strong> um <strong>13:45 Uhr </strong></p>
<h4><span style="color: #000000;">am <span style="color: #0000ff;"><strong>Tor Ost Werk Höchst</strong></span></span></h4>
<h4><span style="color: #0000ff;"><strong>zur <em>Werksrundfahrt im Industriepark Höchst </em></strong></span></h4>
<h4><span style="color: #0000ff;"><strong><em>mit Besichtigung des Industriedenkmals Peter-Behrens-Bau.</em></strong></span></h4>
<p>Der Industriestandort Höchst hat sich in den letzten Jahren ganz gewaltig verändert. Alte Anlagen wurden zum Teil abgebaut und neue errichtet. Im hohen dreistelligen Millionenbereich&nbsp; wurde dort investiert, wo viele von uns einst in Brot und Arbeit waren. Höchste Zeit also, um diese Weiterentwicklung des Chemie- und Pharmastandortes zu sehen.</p>
<p><strong>&nbsp;</strong>Wir werden auch in den Peter-Behrens-Bau gehen, für etwa 20 Minuten und einige<br />
Erläuterungen erhalten. Es wird aber kein kunsthistorischer Rundgang werden. Dann werden wir wieder zum Tor Ost gefahren und damit ist die Werksrundfahrt beendet.</p>
<p>Abfahrt Tor Ost: 14:00 Uhr<br />
mit ca . 2 – 3 Stunden Dauer&nbsp;</p>
<p><strong><em>Es war ein besonders interessanter Nachmittag!<br />
</em><em>Herzliche Grüße von den<br />
„Aufgeweckten Alten“</em></strong></p>
<h3><span style="color: #000000;">&nbsp;</span></h3>
<h3><span style="color: #000000;">Zur </span><a title="NEUES mit Tagesfahrten &amp; Bodensee!" href="https://www.igbce-blogs.de/aufgeweckte-alte/?page_id=8402" target="_blank" rel="noopener">Übersicht 2018</a></h3>
<h3><span style="color: #000000;">Zur</span> <a href="https://www.igbce-blogs.de/aufgeweckte-alte/" target="_blank" rel="noopener">Startseite</a></h3>
<p>&nbsp;</p>
Related Images:

<p>März [ 3 ]&nbsp; Werksrundfahrt im Industriepark Höchst mit dem Behrensbau am 21. März ab 14:00 Uhr Einfahrt ins Werk! LINK zu den FOTO’s: Hier klicken!!!&nbsp; Wir trafen uns am 21. März 2018 um 13:45 Uhr am Tor Ost Werk Höchst zur Werksrundfahrt im Industriepark Höchst mit Besichtigung des Industriedenkmals Peter-Behrens-Bau. Der Industriestandort Höchst hat [&hellip;]</p>
